Last updated on 2023-11-30 20:48:53 CET.
Flavor | Version | Tinstall | Tcheck | Ttotal | Status | Flags |
---|---|---|---|---|---|---|
r-devel-linux-x86_64-debian-clang | 0.1.5 | 6.72 | 93.95 | 100.67 | NOTE | |
r-devel-linux-x86_64-debian-gcc | 0.1.5 | 5.61 | 71.89 | 77.50 | NOTE | |
r-devel-linux-x86_64-fedora-clang | 0.1.5 | 124.08 | NOTE | |||
r-devel-linux-x86_64-fedora-gcc | 0.1.5 | 130.58 | NOTE | |||
r-devel-windows-x86_64 | 0.1.5 | 7.00 | 96.00 | 103.00 | NOTE | |
r-patched-linux-x86_64 | 0.1.5 | 7.61 | 90.25 | 97.86 | NOTE | |
r-release-linux-x86_64 | 0.1.5 | 7.34 | 89.44 | 96.78 | NOTE | |
r-release-macos-arm64 | 0.1.5 | 48.00 | NOTE | |||
r-release-macos-x86_64 | 0.1.5 | 79.00 | NOTE | |||
r-release-windows-x86_64 | 0.1.5 | 11.00 | 113.00 | 124.00 | NOTE | |
r-oldrel-macos-arm64 | 0.1.5 | 35.00 | NOTE | |||
r-oldrel-macos-x86_64 | 0.1.5 | 52.00 | NOTE | |||
r-oldrel-windows-x86_64 | 0.1.5 | 9.00 | 105.00 | 114.00 | NOTE |
Version: 0.1.5
Check: LazyData
Result: NOTE
'LazyData' is specified without a 'data' directory
Flavors: r-devel-linux-x86_64-debian-clang, r-devel-linux-x86_64-debian-gcc, r-devel-linux-x86_64-fedora-clang, r-devel-linux-x86_64-fedora-gcc, r-devel-windows-x86_64, r-patched-linux-x86_64, r-release-linux-x86_64, r-release-macos-arm64, r-release-macos-x86_64, r-release-windows-x86_64, r-oldrel-macos-arm64, r-oldrel-macos-x86_64, r-oldrel-windows-x86_64