Last updated on 2024-04-17 20:57:52 CEST.
Flavor | Version | Tinstall | Tcheck | Ttotal | Status | Flags |
---|---|---|---|---|---|---|
r-devel-linux-x86_64-debian-clang | 0.6.1 | 9.76 | 128.59 | 138.35 | OK | |
r-devel-linux-x86_64-debian-gcc | 0.6.1 | 7.11 | 93.36 | 100.47 | OK | |
r-devel-linux-x86_64-fedora-clang | 0.6.1 | 168.06 | NOTE | |||
r-devel-linux-x86_64-fedora-gcc | 0.6.1 | 179.15 | NOTE | |||
r-prerel-macos-arm64 | 0.6.1 | 63.00 | OK | |||
r-prerel-windows-x86_64 | 0.6.1 | 11.00 | 120.00 | 131.00 | OK | |
r-patched-linux-x86_64 | 0.6.1 | 9.66 | 118.68 | 128.34 | OK | |
r-release-linux-x86_64 | 0.6.1 | 5.37 | 118.87 | 124.24 | OK | |
r-release-macos-arm64 | 0.6.1 | 79.00 | OK | |||
r-release-macos-x86_64 | 0.6.1 | 129.00 | OK | |||
r-release-windows-x86_64 | 0.6.1 | 11.00 | 142.00 | 153.00 | OK | |
r-oldrel-macos-arm64 | 0.6.1 | 63.00 | OK | |||
r-oldrel-windows-x86_64 | 0.6.1 | 13.00 | 134.00 | 147.00 | OK |
Version: 0.6.1
Check: data for non-ASCII characters
Result: NOTE
Note: found 60 marked UTF-8 strings
Flavors: r-devel-linux-x86_64-fedora-clang, r-devel-linux-x86_64-fedora-gcc