CRAN Package Check Results for Package tidySEM

Last updated on 2022-09-24 21:51:16 CEST.

Flavor Version Tinstall Tcheck Ttotal Status Flags
r-devel-linux-x86_64-debian-clang 0.2.3 40.34 457.66 498.00 OK
r-devel-linux-x86_64-debian-gcc 0.2.3 30.68 315.50 346.18 OK
r-devel-linux-x86_64-fedora-clang 0.2.3 621.08 OK
r-devel-linux-x86_64-fedora-gcc 0.2.3 593.32 OK
r-devel-windows-x86_64 0.2.3 121.00 459.00 580.00 OK
r-patched-linux-x86_64 0.2.3 0.62 3.27 3.89 ERROR
r-release-linux-x86_64 0.2.3 30.07 413.94 444.01 OK
r-release-macos-arm64 0.2.3 188.00 OK
r-release-macos-x86_64 0.2.3 236.00 OK
r-release-windows-x86_64 0.2.3 135.00 468.00 603.00 OK
r-oldrel-macos-arm64 0.2.3 118.00 OK
r-oldrel-macos-x86_64 0.2.3 226.00 OK
r-oldrel-windows-ix86+x86_64 0.2.3 78.00 482.00 560.00 OK

Check Details

Version: 0.2.3
Check: package dependencies
Result: ERROR
    Package required but not available: ‘blavaan’
    
    See section ‘The DESCRIPTION file’ in the ‘Writing R Extensions’
    manual.
Flavor: r-patched-linux-x86_64