Last updated on 2024-04-24 20:54:26 CEST.
Flavor | Version | Tinstall | Tcheck | Ttotal | Status | Flags |
---|---|---|---|---|---|---|
r-devel-linux-x86_64-debian-clang | 0.1.1 | 3.72 | 111.81 | 115.53 | OK | |
r-devel-linux-x86_64-debian-gcc | 0.1.1 | 4.18 | 83.37 | 87.55 | OK | |
r-devel-linux-x86_64-fedora-clang | 0.1.1 | 143.52 | NOTE | |||
r-devel-linux-x86_64-fedora-gcc | 0.1.1 | 156.95 | NOTE | |||
r-devel-windows-x86_64 | 0.1.1 | 7.00 | 94.00 | 101.00 | OK | |
r-patched-linux-x86_64 | 0.1.1 | 5.61 | 106.66 | 112.27 | OK | |
r-release-linux-x86_64 | 0.1.1 | 3.35 | 105.99 | 109.34 | OK | |
r-release-macos-arm64 | 0.1.1 | 64.00 | OK | |||
r-release-windows-x86_64 | 0.1.1 | 7.00 | 92.00 | 99.00 | OK | |
r-oldrel-macos-arm64 | 0.1.1 | 62.00 | OK | |||
r-oldrel-macos-x86_64 | 0.1.1 | 110.00 | OK | |||
r-oldrel-windows-x86_64 | 0.1.1 | 8.00 | 115.00 | 123.00 | OK |
Version: 0.1.1
Check: data for non-ASCII characters
Result: NOTE
Note: found 4546 marked UTF-8 strings
Flavors: r-devel-linux-x86_64-fedora-clang, r-devel-linux-x86_64-fedora-gcc