Last updated on 2025-07-03 20:50:56 CEST.
Flavor | Version | Tinstall | Tcheck | Ttotal | Status | Flags |
---|---|---|---|---|---|---|
r-devel-linux-x86_64-debian-clang | 0.2.2 | 2.73 | 33.98 | 36.71 | OK | |
r-devel-linux-x86_64-debian-gcc | 0.2.2 | 2.12 | 24.34 | 26.46 | OK | |
r-devel-linux-x86_64-fedora-clang | 0.2.2 | 50.21 | OK | |||
r-devel-linux-x86_64-fedora-gcc | 0.2.2 | 48.02 | OK | |||
r-devel-windows-x86_64 | 0.2.2 | 3.00 | 51.00 | 54.00 | OK | |
r-patched-linux-x86_64 | 0.2.2 | 2.69 | 30.52 | 33.21 | OK | |
r-release-linux-x86_64 | 0.2.2 | 2.36 | 30.17 | 32.53 | OK | |
r-release-macos-arm64 | 0.2.2 | 20.00 | OK | |||
r-release-macos-x86_64 | 0.2.2 | 34.00 | OK | |||
r-release-windows-x86_64 | 0.2.2 | 3.00 | 55.00 | 58.00 | OK | |
r-oldrel-macos-arm64 | 0.2.2 | 18.00 | NOTE | |||
r-oldrel-macos-x86_64 | 0.2.2 | 27.00 | NOTE | |||
r-oldrel-windows-x86_64 | 0.2.2 | 3.00 | 60.00 | 63.00 | NOTE |
Version: 0.2.2
Check: LazyData
Result: NOTE
'LazyData' is specified without a 'data' directory
Flavors: r-oldrel-macos-arm64, r-oldrel-macos-x86_64, r-oldrel-windows-x86_64