CRAN Package Check Results for Package thor

Last updated on 2023-03-26 01:52:12 CET.

Flavor Version Tinstall Tcheck Ttotal Status Flags
r-devel-linux-x86_64-debian-clang 1.1.4 10.11 42.00 52.11 OK
r-devel-linux-x86_64-debian-gcc 1.1.4 9.91 33.02 42.93 OK
r-devel-linux-x86_64-fedora-clang 1.1.4 67.68 OK
r-devel-linux-x86_64-fedora-gcc 1.1.4 76.39 OK
r-patched-linux-x86_64 1.1.4 10.75 39.87 50.62 OK
r-release-linux-x86_64 1.1.4 10.17 39.61 49.78 OK
r-release-macos-arm64 1.1.4 23.00 OK
r-release-macos-x86_64 1.1.4 35.00 OK
r-release-windows-x86_64 1.1.4 36.00 76.00 112.00 OK
r-oldrel-macos-arm64 1.1.4 24.00 OK
r-oldrel-macos-x86_64 1.1.4 36.00 OK
r-oldrel-windows-ix86+x86_64 1.1.4 31.00 87.00 118.00 ERROR

Check Details

Version: 1.1.4
Check: whether package can be installed
Result: WARN
    Found the following significant warnings:
     lmdb/mdb.c:10783:24: warning: too many arguments for format [-Wformat-extra-args]
Flavor: r-oldrel-windows-ix86+x86_64

Version: 1.1.4
Check: running tests for arch ‘i386’
Result: ERROR
     Running 'testthat.R' [10s]
    Running the tests in 'tests/testthat.R' failed.
    Complete output:
     > library(testthat)
     > library(thor)
     >
     > test_check("thor")
     [ FAIL 2 | WARN 0 | SKIP 3 | PASS 308 ]
    
     == Skipped tests ===============================================================
     * On CRAN (2)
     * On Windows (1)
    
     == Failed tests ================================================================
     -- Failure ('test-env.R:95:3'): list readers -----------------------------------
     m[, "txnid"] not equal to as.character(c(t1$id(), t2$id())).
     2/2 mismatches
     x[1]: "zu"
     y[1]: "0"
    
     x[2]: "zu"
     y[2]: "0"
     -- Failure ('test-env.R:97:3'): list readers -----------------------------------
     m\[, "thread"\] does not match "^[[:xdigit:]]+$".
     Actual values:
     * zx
     * zx
     Backtrace:
     x
     1. \-testthat::expect_match(m[, "thread"], "^[[:xdigit:]]+$") at test-env.R:97:2
     2. \-testthat:::expect_match_(...)
    
     [ FAIL 2 | WARN 0 | SKIP 3 | PASS 308 ]
     [ FAIL 2 | WARN 0 | SKIP 3 | PASS 350 ]
    
     == Skipped tests ===============================================================
     * On CRAN (2)
     * On Windows (1)
    
     == Failed tests ================================================================
     -- Failure ('test-env.R:95:3'): list readers -----------------------------------
     m[, "txnid"] not equal to as.character(c(t1$id(), t2$id())).
     2/2 mismatches
     x[1]: "zu"
     y[1]: "0"
    
     x[2]: "zu"
     y[2]: "0"
     -- Failure ('test-env.R:97:3'): list readers -----------------------------------
     m\[, "thread"\] does not match "^[[:xdigit:]]+$".
     Actual values:
     * zx
     * zx
     Backtrace:
     x
     1. \-testthat::expect_match(m[, "thread"], "^[[:xdigit:]]+$") at test-env.R:97:2
     2. \-testthat:::expect_match_(...)
    
     [ FAIL 2 | WARN 0 | SKIP 3 | PASS 350 ]
     [ FAIL 2 | WARN 0 | SKIP 3 | PASS 367 ]
    
     == Skipped tests ===============================================================
     * On CRAN (2)
     * On Windows (1)
    
     == Failed tests ================================================================
     -- Failure ('test-env.R:95:3'): list readers -----------------------------------
     m[, "txnid"] not equal to as.character(c(t1$id(), t2$id())).
     2/2 mismatches
     x[1]: "zu"
     y[1]: "0"
    
     x[2]: "zu"
     y[2]: "0"
     -- Failure ('test-env.R:97:3'): list readers -----------------------------------
     m\[, "thread"\] does not match "^[[:xdigit:]]+$".
     Actual values:
     * zx
     * zx
     Backtrace:
     x
     1. \-testthat::expect_match(m[, "thread"], "^[[:xdigit:]]+$") at test-env.R:97:2
     2. \-testthat:::expect_match_(...)
    
     [ FAIL 2 | WARN 0 | SKIP 3 | PASS 367 ]
     [ FAIL 2 | WARN 0 | SKIP 3 | PASS 459 ]
    
     == Skipped tests ===============================================================
     * On CRAN (2)
     * On Windows (1)
    
     == Failed tests ================================================================
     -- Failure ('test-env.R:95:3'): list readers -----------------------------------
     m[, "txnid"] not equal to as.character(c(t1$id(), t2$id())).
     2/2 mismatches
     x[1]: "zu"
     y[1]: "0"
    
     x[2]: "zu"
     y[2]: "0"
     -- Failure ('test-env.R:97:3'): list readers -----------------------------------
     m\[, "thread"\] does not match "^[[:xdigit:]]+$".
     Actual values:
     * zx
     * zx
     Backtrace:
     x
     1. \-testthat::expect_match(m[, "thread"], "^[[:xdigit:]]+$") at test-env.R:97:2
     2. \-testthat:::expect_match_(...)
    
     [ FAIL 2 | WARN 0 | SKIP 3 | PASS 459 ]
     [ FAIL 2 | WARN 0 | SKIP 3 | PASS 737 ]
    
     == Skipped tests ===============================================================
     * On CRAN (2)
     * On Windows (1)
    
     == Failed tests ================================================================
     -- Failure ('test-env.R:95:3'): list readers -----------------------------------
     m[, "txnid"] not equal to as.character(c(t1$id(), t2$id())).
     2/2 mismatches
     x[1]: "zu"
     y[1]: "0"
    
     x[2]: "zu"
     y[2]: "0"
     -- Failure ('test-env.R:97:3'): list readers -----------------------------------
     m\[, "thread"\] does not match "^[[:xdigit:]]+$".
     Actual values:
     * zx
     * zx
     Backtrace:
     x
     1. \-testthat::expect_match(m[, "thread"], "^[[:xdigit:]]+$") at test-env.R:97:2
     2. \-testthat:::expect_match_(...)
    
     [ FAIL 2 | WARN 0 | SKIP 3 | PASS 737 ]
     Error: Test failures
     Execution halted
Flavor: r-oldrel-windows-ix86+x86_64

Version: 1.1.4
Check: running tests for arch ‘x64’
Result: ERROR
     Running 'testthat.R' [10s]
    Running the tests in 'tests/testthat.R' failed.
    Complete output:
     > library(testthat)
     > library(thor)
     >
     > test_check("thor")
     [ FAIL 2 | WARN 0 | SKIP 3 | PASS 308 ]
    
     == Skipped tests ===============================================================
     * On CRAN (2)
     * On Windows (1)
    
     == Failed tests ================================================================
     -- Failure ('test-env.R:95:3'): list readers -----------------------------------
     m[, "txnid"] not equal to as.character(c(t1$id(), t2$id())).
     2/2 mismatches
     x[1]: "zu"
     y[1]: "0"
    
     x[2]: "zu"
     y[2]: "0"
     -- Failure ('test-env.R:97:3'): list readers -----------------------------------
     m\[, "thread"\] does not match "^[[:xdigit:]]+$".
     Actual values:
     * zx
     * zx
     Backtrace:
     x
     1. \-testthat::expect_match(m[, "thread"], "^[[:xdigit:]]+$") at test-env.R:97:2
     2. \-testthat:::expect_match_(...)
    
     [ FAIL 2 | WARN 0 | SKIP 3 | PASS 308 ]
     [ FAIL 2 | WARN 0 | SKIP 3 | PASS 350 ]
    
     == Skipped tests ===============================================================
     * On CRAN (2)
     * On Windows (1)
    
     == Failed tests ================================================================
     -- Failure ('test-env.R:95:3'): list readers -----------------------------------
     m[, "txnid"] not equal to as.character(c(t1$id(), t2$id())).
     2/2 mismatches
     x[1]: "zu"
     y[1]: "0"
    
     x[2]: "zu"
     y[2]: "0"
     -- Failure ('test-env.R:97:3'): list readers -----------------------------------
     m\[, "thread"\] does not match "^[[:xdigit:]]+$".
     Actual values:
     * zx
     * zx
     Backtrace:
     x
     1. \-testthat::expect_match(m[, "thread"], "^[[:xdigit:]]+$") at test-env.R:97:2
     2. \-testthat:::expect_match_(...)
    
     [ FAIL 2 | WARN 0 | SKIP 3 | PASS 350 ]
     [ FAIL 2 | WARN 0 | SKIP 3 | PASS 367 ]
    
     == Skipped tests ===============================================================
     * On CRAN (2)
     * On Windows (1)
    
     == Failed tests ================================================================
     -- Failure ('test-env.R:95:3'): list readers -----------------------------------
     m[, "txnid"] not equal to as.character(c(t1$id(), t2$id())).
     2/2 mismatches
     x[1]: "zu"
     y[1]: "0"
    
     x[2]: "zu"
     y[2]: "0"
     -- Failure ('test-env.R:97:3'): list readers -----------------------------------
     m\[, "thread"\] does not match "^[[:xdigit:]]+$".
     Actual values:
     * zx
     * zx
     Backtrace:
     x
     1. \-testthat::expect_match(m[, "thread"], "^[[:xdigit:]]+$") at test-env.R:97:2
     2. \-testthat:::expect_match_(...)
    
     [ FAIL 2 | WARN 0 | SKIP 3 | PASS 367 ]
     [ FAIL 2 | WARN 0 | SKIP 3 | PASS 459 ]
    
     == Skipped tests ===============================================================
     * On CRAN (2)
     * On Windows (1)
    
     == Failed tests ================================================================
     -- Failure ('test-env.R:95:3'): list readers -----------------------------------
     m[, "txnid"] not equal to as.character(c(t1$id(), t2$id())).
     2/2 mismatches
     x[1]: "zu"
     y[1]: "0"
    
     x[2]: "zu"
     y[2]: "0"
     -- Failure ('test-env.R:97:3'): list readers -----------------------------------
     m\[, "thread"\] does not match "^[[:xdigit:]]+$".
     Actual values:
     * zx
     * zx
     Backtrace:
     x
     1. \-testthat::expect_match(m[, "thread"], "^[[:xdigit:]]+$") at test-env.R:97:2
     2. \-testthat:::expect_match_(...)
    
     [ FAIL 2 | WARN 0 | SKIP 3 | PASS 459 ]
     [ FAIL 2 | WARN 0 | SKIP 3 | PASS 737 ]
    
     == Skipped tests ===============================================================
     * On CRAN (2)
     * On Windows (1)
    
     == Failed tests ================================================================
     -- Failure ('test-env.R:95:3'): list readers -----------------------------------
     m[, "txnid"] not equal to as.character(c(t1$id(), t2$id())).
     2/2 mismatches
     x[1]: "zu"
     y[1]: "0"
    
     x[2]: "zu"
     y[2]: "0"
     -- Failure ('test-env.R:97:3'): list readers -----------------------------------
     m\[, "thread"\] does not match "^[[:xdigit:]]+$".
     Actual values:
     * zx
     * zx
     Backtrace:
     x
     1. \-testthat::expect_match(m[, "thread"], "^[[:xdigit:]]+$") at test-env.R:97:2
     2. \-testthat:::expect_match_(...)
    
     [ FAIL 2 | WARN 0 | SKIP 3 | PASS 737 ]
     Error: Test failures
     Execution halted
Flavor: r-oldrel-windows-ix86+x86_64