CRAN Package Check Results for Package thematic

Last updated on 2022-11-29 20:53:14 CET.

Flavor Version Tinstall Tcheck Ttotal Status Flags
r-devel-linux-x86_64-debian-clang 0.1.2.1 4.98 58.58 63.56 OK
r-devel-linux-x86_64-debian-gcc 0.1.2.1 4.53 44.50 49.03 OK
r-devel-linux-x86_64-fedora-clang 0.1.2.1 89.24 OK
r-devel-linux-x86_64-fedora-gcc 0.1.2.1 92.37 OK
r-devel-windows-x86_64 0.1.2.1 375.00 91.00 466.00 OK
r-patched-linux-x86_64 0.1.2.1 6.30 55.36 61.66 OK
r-release-linux-x86_64 0.1.2.1 5.65 56.87 62.52 OK
r-release-macos-arm64 0.1.2.1 33.00 OK
r-release-macos-x86_64 0.1.2.1 56.00 OK
r-release-windows-x86_64 0.1.2.1 264.00 93.00 357.00 OK
r-oldrel-macos-arm64 0.1.2.1 31.00 NOTE
r-oldrel-macos-x86_64 0.1.2.1 42.00 OK
r-oldrel-windows-ix86+x86_64 0.1.2.1 14.00 159.00 173.00 OK

Check Details

Version: 0.1.2.1
Check: package dependencies
Result: NOTE
    Packages suggested but not available for checking: 'sysfonts', 'showtext'
Flavor: r-oldrel-macos-arm64