Last updated on 2024-04-23 20:52:21 CEST.
Flavor | Version | Tinstall | Tcheck | Ttotal | Status | Flags |
---|---|---|---|---|---|---|
r-devel-linux-x86_64-debian-clang | 2.3.27 | 34.03 | 26.41 | 60.44 | NOTE | |
r-devel-linux-x86_64-debian-gcc | 2.3.27 | 28.32 | 21.02 | 49.34 | NOTE | |
r-devel-linux-x86_64-fedora-clang | 2.3.27 | 104.00 | NOTE | |||
r-devel-linux-x86_64-fedora-gcc | 2.3.27 | 102.45 | NOTE | |||
r-prerel-macos-arm64 | 2.3.27 | 30.00 | OK | |||
r-prerel-macos-x86_64 | 2.3.27 | 56.00 | OK | |||
r-patched-linux-x86_64 | 2.3.27 | 37.19 | 25.74 | 62.93 | OK | |
r-release-linux-x86_64 | 2.3.27 | 33.30 | 24.77 | 58.07 | OK | |
r-release-macos-arm64 | 2.3.27 | 48.00 | OK | |||
r-release-macos-x86_64 | 2.3.27 | 55.00 | OK | |||
r-oldrel-macos-arm64 | 2.3.27 | 43.00 | OK |
Version: 2.3.27
Check: compiled code
Result: NOTE
File ‘tgstat/libs/tgstat.so’:
Found non-API call to R: ‘R_curErrorBuf’
Compiled code should not call non-API entry points in R.
See ‘Writing portable packages’ in the ‘Writing R Extensions’ manual.
Flavors: r-devel-linux-x86_64-debian-clang, r-devel-linux-x86_64-debian-gcc, r-devel-linux-x86_64-fedora-clang, r-devel-linux-x86_64-fedora-gcc