Last updated on 2023-11-27 19:52:57 CET.
Flavor | Version | Tinstall | Tcheck | Ttotal | Status | Flags |
---|---|---|---|---|---|---|
r-devel-linux-x86_64-debian-clang | 2.4-21 | 40.50 | 60.97 | 101.47 | OK | --no-vignettes |
r-devel-linux-x86_64-debian-gcc | 2.4-21 | 30.99 | 46.63 | 77.62 | WARN | --no-vignettes |
r-devel-linux-x86_64-fedora-clang | 2.4-21 | 147.33 | WARN | --no-vignettes | ||
r-devel-linux-x86_64-fedora-gcc | 2.4-21 | 135.74 | WARN | --no-vignettes | ||
r-devel-windows-x86_64 | 2.4-21 | 45.00 | 74.00 | 119.00 | WARN | --no-examples --no-tests --no-vignettes |
r-patched-linux-x86_64 | 2.4-21 | 35.84 | 58.23 | 94.07 | OK | --no-vignettes |
r-release-linux-x86_64 | 2.4-21 | 36.89 | 58.47 | 95.36 | OK | --no-vignettes |
r-release-macos-arm64 | 2.4-21 | 42.00 | NOTE | --no-vignettes | ||
r-release-macos-x86_64 | 2.4-21 | 65.00 | NOTE | --no-vignettes | ||
r-release-windows-x86_64 | 2.4-21 | 56.00 | 70.00 | 126.00 | OK | --no-examples --no-tests --no-vignettes |
r-oldrel-macos-arm64 | 2.4-21 | 48.00 | NOTE | --no-vignettes | ||
r-oldrel-macos-x86_64 | 2.4-21 | 49.00 | OK | --no-vignettes | ||
r-oldrel-windows-x86_64 | 2.4-21 | 47.00 | 68.00 | 115.00 | OK | --no-examples --no-tests --no-vignettes |
Version: 2.4-21
Flags: --no-vignettes
Check: whether package can be installed
Result: WARN
Found the following significant warnings:
temper.cc:641:44: warning: format ‘%d’ expects argument of type ‘int’, but argument 2 has type ‘double’ [-Wformat=]
See ‘/home/hornik/tmp/R.check/r-devel-gcc/Work/PKGS/tgp.Rcheck/00install.out’ for details.
* used C compiler: ‘gcc-13 (Debian 13.2.0-5) 13.2.0’
* used C++ compiler: ‘g++-13 (Debian 13.2.0-5) 13.2.0’
Flavor: r-devel-linux-x86_64-debian-gcc
Version: 2.4-21
Flags: --no-vignettes
Check: whether package can be installed
Result: WARN
Found the following significant warnings:
temper.cc:641:55: warning: format specifies type 'int' but the argument has type 'double' [-Wformat]
See ‘/data/gannet/ripley/R/packages/tests-clang/tgp.Rcheck/00install.out’ for details.
* used C compiler: ‘clang version 17.0.5’
* used C++ compiler: ‘clang version 17.0.5’
Flavor: r-devel-linux-x86_64-fedora-clang
Version: 2.4-21
Flags: --no-vignettes
Check: Rd cross-references
Result: NOTE
Undeclared package ‘akima’ in Rd xrefs
Flavor: r-devel-linux-x86_64-fedora-clang
Version: 2.4-21
Flags: --no-vignettes
Check: whether package can be installed
Result: WARN
Found the following significant warnings:
temper.cc:641:44: warning: format '%d' expects argument of type 'int', but argument 2 has type 'double' [-Wformat=]
See ‘/data/gannet/ripley/R/packages/tests-devel/tgp.Rcheck/00install.out’ for details.
* used C compiler: ‘gcc-13 (GCC) 13.2.0’
* used C++ compiler: ‘g++-13 (GCC) 13.2.0’
Flavor: r-devel-linux-x86_64-fedora-gcc
Version: 2.4-21
Flags: --no-examples --no-tests --no-vignettes
Check: whether package can be installed
Result: WARN
Found the following significant warnings:
temper.cc:641:44: warning: format '%d' expects argument of type 'int', but argument 2 has type 'double' [-Wformat=]
See 'd:/Rcompile/CRANpkg/local/4.4/tgp.Rcheck/00install.out' for details.
* used C compiler: 'gcc.exe (GCC) 12.3.0'
* used C++ compiler: 'g++.exe (GCC) 12.3.0'
Flavor: r-devel-windows-x86_64
Version: 2.4-21
Flags: --no-vignettes
Check: installed package size
Result: NOTE
installed size is 5.3Mb
sub-directories of 1Mb or more:
doc 2.7Mb
libs 2.1Mb
Flavors: r-release-macos-arm64, r-release-macos-x86_64, r-oldrel-macos-arm64