CRAN Package Check Results for Package tgp

Last updated on 2022-11-28 19:50:40 CET.

Flavor Version Tinstall Tcheck Ttotal Status Flags
r-devel-linux-x86_64-debian-clang 2.4-20 33.09 61.59 94.68 OK --no-vignettes
r-devel-linux-x86_64-debian-gcc 2.4-20 26.02 46.87 72.89 OK --no-vignettes
r-devel-linux-x86_64-fedora-clang 2.4-20 159.83 NOTE --no-vignettes
r-devel-linux-x86_64-fedora-gcc 2.4-20 127.51 OK --no-vignettes
r-devel-windows-x86_64 2.4-20 68.00 80.00 148.00 OK --no-examples --no-tests --no-vignettes
r-patched-linux-x86_64 2.4-20 29.99 55.57 85.56 OK --no-vignettes
r-release-linux-x86_64 2.4-20 28.59 56.11 84.70 OK --no-vignettes
r-release-macos-arm64 2.4-20 39.00 NOTE --no-vignettes
r-release-macos-x86_64 2.4-20 50.00 OK --no-vignettes
r-release-windows-x86_64 2.4-20 77.00 75.00 152.00 OK --no-examples --no-tests --no-vignettes
r-oldrel-macos-arm64 2.4-20 39.00 NOTE --no-vignettes
r-oldrel-macos-x86_64 2.4-20 52.00 OK --no-vignettes
r-oldrel-windows-ix86+x86_64 2.4-20 96.00 78.00 174.00 NOTE --no-examples --no-tests --no-vignettes

Additional issues

M1mac

Check Details

Version: 2.4-20
Flags: --no-vignettes
Check: Rd cross-references
Result: NOTE
    Undeclared package ‘akima’ in Rd xrefs
Flavor: r-devel-linux-x86_64-fedora-clang

Version: 2.4-20
Flags: --no-vignettes
Check: installed package size
Result: NOTE
     installed size is 5.0Mb
     sub-directories of 1Mb or more:
     doc 2.7Mb
     libs 1.8Mb
Flavors: r-release-macos-arm64, r-oldrel-macos-arm64

Version: 2.4-20
Flags: --no-examples --no-tests --no-vignettes
Check: installed package size
Result: NOTE
     installed size is 5.4Mb
     sub-directories of 1Mb or more:
     doc 2.7Mb
     libs 2.2Mb
Flavor: r-oldrel-windows-ix86+x86_64