Last updated on 2024-04-23 20:52:21 CEST.
Flavor | Version | Tinstall | Tcheck | Ttotal | Status | Flags |
---|---|---|---|---|---|---|
r-devel-linux-x86_64-debian-clang | 0.1.1 | 2.16 | 25.12 | 27.28 | NOTE | |
r-devel-linux-x86_64-debian-gcc | 0.1.1 | 1.66 | 19.13 | 20.79 | NOTE | |
r-devel-linux-x86_64-fedora-clang | 0.1.1 | 34.70 | NOTE | |||
r-devel-linux-x86_64-fedora-gcc | 0.1.1 | 34.36 | NOTE | |||
r-prerel-macos-arm64 | 0.1.1 | 15.00 | NOTE | |||
r-prerel-windows-x86_64 | 0.1.1 | 3.00 | 47.00 | 50.00 | NOTE | |
r-patched-linux-x86_64 | 0.1.1 | 3.23 | 23.61 | 26.84 | NOTE | |
r-release-linux-x86_64 | 0.1.1 | 2.21 | 23.62 | 25.83 | NOTE | |
r-release-macos-arm64 | 0.1.1 | 17.00 | NOTE | |||
r-release-macos-x86_64 | 0.1.1 | 23.00 | NOTE | |||
r-release-windows-x86_64 | 0.1.1 | 3.00 | 47.00 | 50.00 | NOTE | |
r-oldrel-macos-arm64 | 0.1.1 | 18.00 | NOTE | |||
r-oldrel-windows-x86_64 | 0.1.1 | 8.00 | 57.00 | 65.00 | NOTE |
Version: 0.1.1
Check: LazyData
Result: NOTE
'LazyData' is specified without a 'data' directory
Flavors: r-devel-linux-x86_64-debian-clang, r-devel-linux-x86_64-debian-gcc, r-devel-linux-x86_64-fedora-clang, r-devel-linux-x86_64-fedora-gcc, r-prerel-macos-arm64, r-prerel-windows-x86_64, r-patched-linux-x86_64, r-release-linux-x86_64, r-release-macos-arm64, r-release-macos-x86_64, r-release-windows-x86_64, r-oldrel-macos-arm64, r-oldrel-windows-x86_64