Last updated on 2025-05-03 21:51:34 CEST.
Flavor | Version | Tinstall | Tcheck | Ttotal | Status | Flags |
---|---|---|---|---|---|---|
r-devel-linux-x86_64-debian-clang | 2024.2-1 | 5.06 | 56.97 | 62.03 | NOTE | |
r-devel-linux-x86_64-debian-gcc | 2024.2-1 | 4.10 | 41.13 | 45.23 | NOTE | |
r-devel-linux-x86_64-fedora-clang | 2024.2-1 | 103.29 | OK | |||
r-devel-linux-x86_64-fedora-gcc | 2024.2-1 | 107.69 | OK | |||
r-devel-windows-x86_64 | 2024.2-1 | 5.00 | 97.00 | 102.00 | OK | |
r-patched-linux-x86_64 | 2024.2-1 | 5.20 | 53.95 | 59.15 | OK | |
r-release-linux-x86_64 | OK | |||||
r-release-macos-arm64 | 2024.2-1 | 52.00 | OK | |||
r-release-macos-x86_64 | 2024.2-1 | 78.00 | OK | |||
r-release-windows-x86_64 | 2024.2-1 | 5.00 | 82.00 | 87.00 | OK | |
r-oldrel-macos-arm64 | 2024.2-1 | 36.00 | OK | |||
r-oldrel-macos-x86_64 | 2024.2-1 | 58.00 | OK | |||
r-oldrel-windows-x86_64 | 2024.2-1 | 5.00 | 94.00 | 99.00 | OK |
Version: 2024.2-1
Check: CRAN incoming feasibility
Result: NOTE
Maintainer: ‘Paul Gilbert <pgilbert.ttv9z@ncf.ca>’
No Authors@R field in DESCRIPTION.
Please add one, modifying
Authors@R: person(given = "Paul",
family = "Gilbert",
role = c("aut", "cre"),
email = "pgilbert.ttv9z@ncf.ca")
as necessary.
Flavors: r-devel-linux-x86_64-debian-clang, r-devel-linux-x86_64-debian-gcc