Last updated on 2025-05-08 20:49:50 CEST.
Flavor | Version | Tinstall | Tcheck | Ttotal | Status | Flags |
---|---|---|---|---|---|---|
r-devel-linux-x86_64-debian-clang | 0.3.2 | 131.59 | 61.14 | 192.73 | NOTE | |
r-devel-linux-x86_64-debian-gcc | 0.3.2 | 90.11 | 43.68 | 133.79 | NOTE | |
r-devel-linux-x86_64-fedora-clang | 0.3.2 | 429.30 | NOTE | |||
r-devel-linux-x86_64-fedora-gcc | 0.3.2 | 387.68 | NOTE | |||
r-devel-windows-x86_64 | 0.3.2 | 156.00 | 117.00 | 273.00 | NOTE | |
r-patched-linux-x86_64 | 0.3.2 | 120.45 | 58.25 | 178.70 | NOTE | |
r-release-linux-x86_64 | 0.3.2 | 122.87 | 58.35 | 181.22 | NOTE | |
r-release-macos-arm64 | 0.3.2 | 88.00 | NOTE | |||
r-release-macos-x86_64 | 0.3.2 | 107.00 | NOTE | |||
r-release-windows-x86_64 | 0.3.2 | 154.00 | 117.00 | 271.00 | NOTE | |
r-oldrel-macos-arm64 | 0.3.2 | 76.00 | NOTE | |||
r-oldrel-macos-x86_64 | 0.3.2 | 92.00 | NOTE | |||
r-oldrel-windows-x86_64 | 0.3.2 | 181.00 | 133.00 | 314.00 | NOTE |
Version: 0.3.2
Check: C++ specification
Result: NOTE
Specified C++11: please drop specification unless essential
Flavors: r-devel-linux-x86_64-debian-clang, r-devel-linux-x86_64-debian-gcc, r-devel-linux-x86_64-fedora-clang, r-devel-linux-x86_64-fedora-gcc, r-devel-windows-x86_64, r-patched-linux-x86_64, r-release-linux-x86_64, r-release-macos-arm64, r-release-macos-x86_64, r-release-windows-x86_64, r-oldrel-macos-arm64, r-oldrel-macos-x86_64, r-oldrel-windows-x86_64
Version: 0.3.2
Check: installed package size
Result: NOTE
installed size is 6.9Mb
sub-directories of 1Mb or more:
libs 6.1Mb
Flavors: r-oldrel-macos-arm64, r-oldrel-macos-x86_64