CRAN Package Check Results for Package textreg

Last updated on 2025-11-23 20:49:04 CET.

Flavor Version Tinstall Tcheck Ttotal Status Flags
r-devel-linux-x86_64-debian-clang 0.1.5 16.12 70.37 86.49 NOTE
r-devel-linux-x86_64-debian-gcc 0.1.5 12.93 60.61 73.54 NOTE
r-devel-linux-x86_64-fedora-clang 0.1.5 34.00 94.55 128.55 NOTE
r-devel-linux-x86_64-fedora-gcc 0.1.5 46.00 99.33 145.33 NOTE
r-devel-windows-x86_64 0.1.5 29.00 131.00 160.00 NOTE
r-patched-linux-x86_64 0.1.5 20.29 66.59 86.88 NOTE
r-release-linux-x86_64 0.1.5 18.40 67.00 85.40 NOTE
r-release-macos-arm64 0.1.5 NOTE
r-release-macos-x86_64 0.1.5 15.00 82.00 97.00 NOTE
r-release-windows-x86_64 0.1.5 23.00 147.00 170.00 NOTE
r-oldrel-macos-arm64 0.1.5 NOTE
r-oldrel-macos-x86_64 0.1.5 13.00 70.00 83.00 NOTE
r-oldrel-windows-x86_64 0.1.5 27.00 148.00 175.00 NOTE

Check Details

Version: 0.1.5
Check: CRAN incoming feasibility
Result: NOTE Maintainer: ‘Luke Miratrix <lmiratrix@stat.harvard.edu>’ No Authors@R field in DESCRIPTION. Please add one, modifying Authors@R: person(given = "Luke", family = "Miratrix", role = c("aut", "cre"), email = "lmiratrix@stat.harvard.edu") as necessary. Flavors: r-devel-linux-x86_64-debian-clang, r-devel-linux-x86_64-debian-gcc

Version: 0.1.5
Check: Rd files
Result: NOTE checkRd: (-1) make.phrase.matrix.Rd:20: Lost braces 20 | \\tabular{rrrrr}{ | ^ checkRd: (-1) make.phrase.matrix.Rd:20-23: Lost braces 20 | \\tabular{rrrrr}{ | ^ Flavors: r-devel-linux-x86_64-debian-clang, r-devel-linux-x86_64-debian-gcc, r-devel-linux-x86_64-fedora-clang, r-devel-linux-x86_64-fedora-gcc, r-devel-windows-x86_64, r-patched-linux-x86_64, r-release-linux-x86_64, r-release-macos-arm64, r-release-macos-x86_64, r-release-windows-x86_64, r-oldrel-macos-arm64, r-oldrel-macos-x86_64, r-oldrel-windows-x86_64