Last updated on 2023-01-31 20:53:13 CET.
Flavor | Version | Tinstall | Tcheck | Ttotal | Status | Flags |
---|---|---|---|---|---|---|
r-devel-linux-x86_64-debian-clang | 3.0.5 | 118.33 | 407.24 | 525.57 | NOTE | |
r-devel-linux-x86_64-debian-gcc | 3.0.5 | 90.04 | 296.35 | 386.39 | NOTE | |
r-devel-linux-x86_64-fedora-clang | 3.0.5 | 675.84 | NOTE | |||
r-devel-linux-x86_64-fedora-gcc | 3.0.5 | 693.73 | NOTE | |||
r-devel-windows-x86_64 | 3.0.5 | 125.00 | 541.00 | 666.00 | NOTE | |
r-patched-linux-x86_64 | 3.0.5 | 91.56 | 390.72 | 482.28 | OK | |
r-release-linux-x86_64 | 3.0.5 | 97.59 | 390.13 | 487.72 | OK | |
r-release-macos-arm64 | 3.0.5 | 180.00 | NOTE | |||
r-release-macos-x86_64 | 3.0.5 | 221.00 | NOTE | |||
r-release-windows-x86_64 | 3.0.5 | 113.00 | 577.00 | 690.00 | OK | |
r-oldrel-macos-arm64 | 3.0.5 | 216.00 | NOTE | |||
r-oldrel-macos-x86_64 | 3.0.5 | 213.00 | NOTE | |||
r-oldrel-windows-ix86+x86_64 | 3.0.5 | 265.00 | 683.00 | 948.00 | OK |
Version: 3.0.5
Check: C++ specification
Result: NOTE
Specified C++11: please update to current default of C++17
Flavors: r-devel-linux-x86_64-debian-clang, r-devel-linux-x86_64-debian-gcc, r-devel-linux-x86_64-fedora-clang, r-devel-linux-x86_64-fedora-gcc, r-devel-windows-x86_64
Version: 3.0.5
Check: Rd cross-references
Result: NOTE
Undeclared package ‘tm’ in Rd xrefs
Flavor: r-devel-linux-x86_64-fedora-clang
Version: 3.0.5
Check: installed package size
Result: NOTE
installed size is 5.4Mb
sub-directories of 1Mb or more:
libs 3.5Mb
Flavors: r-release-macos-arm64, r-release-macos-x86_64, r-oldrel-macos-arm64, r-oldrel-macos-x86_64