Last updated on 2025-01-17 21:49:50 CET.
Flavor | Version | Tinstall | Tcheck | Ttotal | Status | Flags |
---|---|---|---|---|---|---|
r-devel-linux-x86_64-debian-clang | 3.0.5 | 72.61 | 347.31 | 419.92 | NOTE | |
r-devel-linux-x86_64-debian-gcc | 3.0.5 | 48.74 | 261.26 | 310.00 | NOTE | |
r-devel-linux-x86_64-fedora-clang | 3.0.5 | 699.39 | NOTE | |||
r-devel-linux-x86_64-fedora-gcc | 3.0.5 | 750.34 | NOTE | |||
r-devel-windows-x86_64 | 3.0.5 | 69.00 | 398.00 | 467.00 | NOTE | |
r-patched-linux-x86_64 | 3.0.5 | 69.08 | 327.67 | 396.75 | NOTE | |
r-release-linux-x86_64 | 3.0.5 | 66.83 | 326.90 | 393.73 | NOTE | |
r-release-macos-arm64 | 3.0.5 | 193.00 | NOTE | |||
r-release-macos-x86_64 | 3.0.5 | 302.00 | NOTE | |||
r-release-windows-x86_64 | 3.0.5 | 69.00 | 394.00 | 463.00 | NOTE | |
r-oldrel-macos-arm64 | 3.0.5 | 229.00 | NOTE | |||
r-oldrel-macos-x86_64 | 3.0.5 | 363.00 | NOTE | |||
r-oldrel-windows-x86_64 | 3.0.5 | 79.00 | 479.00 | 558.00 | NOTE |
Version: 3.0.5
Check: C++ specification
Result: NOTE
Specified C++11: please drop specification unless essential
Flavors: r-devel-linux-x86_64-debian-clang, r-devel-linux-x86_64-debian-gcc, r-devel-linux-x86_64-fedora-clang, r-devel-linux-x86_64-fedora-gcc, r-devel-windows-x86_64, r-patched-linux-x86_64, r-release-linux-x86_64, r-release-macos-arm64, r-release-macos-x86_64, r-release-windows-x86_64, r-oldrel-macos-arm64, r-oldrel-macos-x86_64, r-oldrel-windows-x86_64
Version: 3.0.5
Check: installed package size
Result: NOTE
installed size is 5.1Mb
sub-directories of 1Mb or more:
libs 3.2Mb
Flavors: r-release-macos-arm64, r-release-macos-x86_64, r-oldrel-macos-arm64, r-oldrel-macos-x86_64