Last updated on 2024-07-17 20:57:13 CEST.
Flavor | Version | Tinstall | Tcheck | Ttotal | Status | Flags |
---|---|---|---|---|---|---|
r-devel-linux-x86_64-debian-clang | 0.1.21 | 7.29 | 104.74 | 112.03 | NOTE | |
r-devel-linux-x86_64-debian-gcc | 0.1.21 | 6.08 | 75.77 | 81.85 | NOTE | |
r-devel-linux-x86_64-fedora-clang | 0.1.21 | 146.68 | NOTE | |||
r-devel-linux-x86_64-fedora-gcc | 0.1.21 | 131.08 | NOTE | |||
r-devel-windows-x86_64 | 0.1.21 | 10.00 | 93.00 | 103.00 | NOTE | |
r-patched-linux-x86_64 | 0.1.21 | 7.55 | 98.87 | 106.42 | NOTE | |
r-release-linux-x86_64 | 0.1.21 | 5.27 | 96.47 | 101.74 | NOTE | |
r-release-macos-arm64 | 0.1.21 | 39.00 | NOTE | |||
r-release-macos-x86_64 | 0.1.21 | 62.00 | NOTE | |||
r-release-windows-x86_64 | 0.1.21 | 11.00 | 94.00 | 105.00 | NOTE | |
r-oldrel-macos-arm64 | 0.1.21 | 49.00 | NOTE | |||
r-oldrel-macos-x86_64 | 0.1.21 | 76.00 | NOTE | |||
r-oldrel-windows-x86_64 | 0.1.21 | 13.00 | 108.00 | 121.00 | NOTE |
Version: 0.1.21
Check: LazyData
Result: NOTE
'LazyData' is specified without a 'data' directory
Flavors: r-devel-linux-x86_64-debian-clang, r-devel-linux-x86_64-debian-gcc, r-devel-linux-x86_64-fedora-clang, r-devel-linux-x86_64-fedora-gcc, r-devel-windows-x86_64, r-patched-linux-x86_64, r-release-linux-x86_64, r-release-macos-arm64, r-release-macos-x86_64, r-release-windows-x86_64, r-oldrel-macos-arm64, r-oldrel-macos-x86_64, r-oldrel-windows-x86_64