Last updated on 2024-07-26 20:50:13 CEST.
Flavor | Version | Tinstall | Tcheck | Ttotal | Status | Flags |
---|---|---|---|---|---|---|
r-devel-linux-x86_64-debian-clang | 1.0 | 4.30 | 27.30 | 31.60 | OK | |
r-devel-linux-x86_64-debian-gcc | 1.0 | 3.13 | 20.53 | 23.66 | OK | |
r-devel-linux-x86_64-fedora-clang | 1.1 | 40.44 | OK | |||
r-devel-linux-x86_64-fedora-gcc | 1.1 | 39.69 | OK | |||
r-patched-linux-x86_64 | 1.0 | OK | ||||
r-release-macos-arm64 | 1.0 | 22.00 | WARN | |||
r-release-macos-x86_64 | 1.1 | 45.00 | WARN | |||
r-release-windows-x86_64 | 1.1 | 9.00 | 43.00 | 52.00 | OK | |
r-oldrel-macos-arm64 | 1.0 | 23.00 | WARN | |||
r-oldrel-macos-x86_64 | 1.1 | 33.00 | WARN | |||
r-oldrel-windows-x86_64 | 1.0 | 7.00 | 38.00 | 45.00 | WARN |
Version: 1.0
Check: installed package size
Result: NOTE
installed size is 6.3Mb
sub-directories of 1Mb or more:
data 6.2Mb
Flavors: r-release-macos-arm64, r-oldrel-macos-arm64, r-oldrel-windows-x86_64
Version: 1.0
Check: LazyData
Result: WARN
LazyData DB of 5.2 MB without LazyDataCompression set
See §1.1.6 of 'Writing R Extensions'
Flavors: r-release-macos-arm64, r-oldrel-macos-arm64, r-oldrel-windows-x86_64
Version: 1.1
Check: installed package size
Result: NOTE
installed size is 6.3Mb
sub-directories of 1Mb or more:
data 6.2Mb
Flavors: r-release-macos-x86_64, r-oldrel-macos-x86_64
Version: 1.1
Check: LazyData
Result: WARN
LazyData DB of 5.2 MB without LazyDataCompression set
See §1.1.6 of 'Writing R Extensions'
Flavors: r-release-macos-x86_64, r-oldrel-macos-x86_64