CRAN Package Check Results for Package tester

Last updated on 2025-11-16 01:49:33 CET.

Flavor Version Tinstall Tcheck Ttotal Status Flags
r-devel-linux-x86_64-debian-clang 0.3.0 2.32 33.26 35.58 OK
r-devel-linux-x86_64-debian-gcc 0.3.0 1.86 28.05 29.91 NOTE
r-devel-linux-x86_64-fedora-clang 0.3.0 54.04 OK
r-devel-linux-x86_64-fedora-gcc 0.3.0 64.83 OK
r-devel-windows-x86_64 0.3.0 6.00 67.00 73.00 OK
r-patched-linux-x86_64 0.3.0 2.81 31.95 34.76 OK
r-release-linux-x86_64 0.3.0 2.44 32.28 34.72 OK
r-release-macos-arm64 0.3.0 1.00 62.00 63.00 OK
r-release-macos-x86_64 0.3.0 2.00 104.00 106.00 OK
r-release-windows-x86_64 0.3.0 3.00 66.00 69.00 OK
r-oldrel-macos-arm64 0.3.0 2.00 46.00 48.00 OK
r-oldrel-macos-x86_64 0.3.0 2.00 81.00 83.00 OK
r-oldrel-windows-x86_64 0.3.0 4.00 74.00 78.00 OK

Check Details

Version: 0.3.0
Check: CRAN incoming feasibility
Result: NOTE Maintainer: ‘Frederic Bertrand <frederic.bertrand@lecnam.net>’ The BugReports field in DESCRIPTION has https://github.com/fbertran/tester/issues/ which should likely be https://github.com/fbertran/tester/issues/issues instead. Flavor: r-devel-linux-x86_64-debian-gcc