Last updated on 2025-02-06 19:49:37 CET.
Flavor | Version | Tinstall | Tcheck | Ttotal | Status | Flags |
---|---|---|---|---|---|---|
r-devel-linux-x86_64-debian-clang | 0.2.0 | 6.41 | 63.07 | 69.48 | OK | |
r-devel-linux-x86_64-debian-gcc | 0.2.0 | 4.25 | 48.47 | 52.72 | OK | |
r-devel-linux-x86_64-fedora-clang | 0.2.0 | 129.89 | NOTE | |||
r-devel-linux-x86_64-fedora-gcc | 0.2.0 | 134.55 | NOTE | |||
r-devel-windows-x86_64 | 0.2.0 | 8.00 | 106.00 | 114.00 | OK | |
r-patched-linux-x86_64 | 0.2.0 | 5.33 | 60.43 | 65.76 | OK | |
r-release-linux-x86_64 | 0.2.0 | 5.48 | 61.06 | 66.54 | OK | |
r-release-macos-arm64 | 0.2.0 | 66.00 | OK | |||
r-release-macos-x86_64 | 0.2.0 | 90.00 | OK | |||
r-release-windows-x86_64 | 0.2.0 | 8.00 | 98.00 | 106.00 | OK | |
r-oldrel-macos-arm64 | 0.2.0 | 52.00 | OK | |||
r-oldrel-macos-x86_64 | 0.2.0 | 89.00 | OK | |||
r-oldrel-windows-x86_64 | 0.2.0 | 9.00 | 104.00 | 113.00 | OK |
Version: 0.2.0
Check: for detritus in the temp directory
Result: NOTE
Found the following files/directories:
‘par-7269706c6579’
Flavors: r-devel-linux-x86_64-fedora-clang, r-devel-linux-x86_64-fedora-gcc