Last updated on 2023-10-04 20:42:42 CEST.
Flavor | Version | Tinstall | Tcheck | Ttotal | Status | Flags |
---|---|---|---|---|---|---|
r-devel-linux-x86_64-debian-clang | 5.2.0 | 27.93 | 95.46 | 123.39 | OK | |
r-devel-linux-x86_64-debian-gcc | 5.2.0 | 18.96 | 280.10 | 299.06 | OK | |
r-devel-linux-x86_64-fedora-gcc | 5.2.0 | 147.35 | OK | |||
r-devel-windows-x86_64 | 5.2.0 | 48.00 | 144.00 | 192.00 | NOTE | |
r-patched-linux-x86_64 | 5.2.0 | 20.89 | 98.40 | 119.29 | OK | |
r-release-linux-x86_64 | 5.2.0 | 30.02 | 103.40 | 133.42 | OK | |
r-release-macos-arm64 | 5.2.0 | 74.00 | NOTE | |||
r-release-macos-x86_64 | 5.2.0 | 142.00 | NOTE | |||
r-release-windows-x86_64 | 5.2.0 | 57.00 | 164.00 | 221.00 | NOTE | |
r-oldrel-macos-arm64 | 5.2.0 | 60.00 | NOTE | |||
r-oldrel-macos-x86_64 | 5.2.0 | 110.00 | NOTE | |||
r-oldrel-windows-x86_64 | 5.2.0 | 47.00 | 133.00 | 180.00 | NOTE |
Version: 5.2.0
Check: installed package size
Result: NOTE
installed size is 23.3Mb
sub-directories of 1Mb or more:
doc 1.1Mb
libs 8.1Mb
tessdata 14.0Mb
Flavors: r-devel-windows-x86_64, r-release-macos-arm64, r-release-macos-x86_64, r-release-windows-x86_64, r-oldrel-macos-arm64, r-oldrel-macos-x86_64, r-oldrel-windows-x86_64