Last updated on 2025-11-12 19:52:06 CET.
| Flavor | Version | Tinstall | Tcheck | Ttotal | Status | Flags |
|---|---|---|---|---|---|---|
| r-devel-linux-x86_64-debian-clang | 5.2.3 | 12.60 | 71.73 | 84.33 | OK | |
| r-devel-linux-x86_64-debian-gcc | 5.2.3 | 10.25 | 63.03 | 73.28 | OK | |
| r-devel-linux-x86_64-fedora-gcc | 5.2.3 | 37.00 | 81.10 | 118.10 | OK | |
| r-devel-windows-x86_64 | 5.2.3 | 42.00 | 137.00 | 179.00 | OK | |
| r-patched-linux-x86_64 | 5.2.3 | 15.39 | 68.77 | 84.16 | OK | |
| r-release-linux-x86_64 | 5.2.3 | 14.40 | 60.92 | 75.32 | OK | |
| r-release-macos-arm64 | 5.2.3 | 15.00 | 71.00 | 86.00 | OK | |
| r-release-macos-x86_64 | 5.2.3 | 20.00 | 93.00 | 113.00 | OK | |
| r-release-windows-x86_64 | 5.2.3 | 43.00 | 140.00 | 183.00 | OK | |
| r-oldrel-macos-arm64 | 5.2.3 | 11.00 | 56.00 | 67.00 | NOTE | |
| r-oldrel-macos-x86_64 | 5.2.3 | 18.00 | 130.00 | 148.00 | NOTE | |
| r-oldrel-windows-x86_64 | 5.2.3 | 50.00 | 174.00 | 224.00 | NOTE |
Version: 5.2.3
Check: installed package size
Result: NOTE
installed size is 32.3Mb
sub-directories of 1Mb or more:
doc 1.1Mb
libs 8.9Mb
tessdata 22.2Mb
Flavors: r-oldrel-macos-arm64, r-oldrel-macos-x86_64, r-oldrel-windows-x86_64