Last updated on 2023-03-19 19:52:49 CET.
Flavor | Version | Tinstall | Tcheck | Ttotal | Status | Flags |
---|---|---|---|---|---|---|
r-devel-linux-x86_64-debian-clang | 2.11.0 | OK | ||||
r-devel-linux-x86_64-debian-gcc | 2.11.0 | 8.07 | 67.81 | 75.88 | OK | |
r-devel-linux-x86_64-fedora-clang | 2.11.0 | 123.02 | NOTE | |||
r-devel-linux-x86_64-fedora-gcc | 2.11.0 | 120.07 | OK | |||
r-patched-linux-x86_64 | 2.11.0 | 13.11 | 79.72 | 92.83 | OK | |
r-release-linux-x86_64 | 2.11.0 | 9.89 | 80.48 | 90.37 | OK | |
r-release-macos-arm64 | 2.11.0 | 36.00 | OK | |||
r-release-macos-x86_64 | 2.11.0 | 50.00 | OK | |||
r-release-windows-x86_64 | 2.11.0 | 41.00 | 112.00 | 153.00 | OK | |
r-oldrel-macos-arm64 | 2.11.0 | 36.00 | OK | |||
r-oldrel-macos-x86_64 | 2.11.0 | 50.00 | OK | |||
r-oldrel-windows-ix86+x86_64 | 2.11.0 | 22.00 | 108.00 | 130.00 | OK |
Version: 2.11.0
Check: Rd cross-references
Result: NOTE
Undeclared package ‘tfestimators’ in Rd xrefs
Flavor: r-devel-linux-x86_64-fedora-clang