Last updated on 2025-01-19 19:48:33 CET.
Flavor | Version | Tinstall | Tcheck | Ttotal | Status | Flags |
---|---|---|---|---|---|---|
r-devel-linux-x86_64-debian-clang | 1.1.1 | 139.96 | 35.96 | 175.92 | OK | |
r-devel-linux-x86_64-debian-gcc | 1.1.1 | 104.42 | 37.52 | 141.94 | OK | |
r-devel-linux-x86_64-fedora-clang | 1.1.1 | 332.40 | OK | |||
r-devel-linux-x86_64-fedora-gcc | 1.1.1 | 402.23 | OK | |||
r-devel-windows-x86_64 | 1.1.1 | 137.00 | 90.00 | 227.00 | OK | |
r-patched-linux-x86_64 | 1.1.1 | 145.90 | 46.72 | 192.62 | OK | |
r-release-linux-x86_64 | 1.1.1 | 151.13 | 46.21 | 197.34 | OK | |
r-release-macos-arm64 | 1.1.1 | 106.00 | NOTE | |||
r-release-macos-x86_64 | 1.1.1 | 81.00 | NOTE | |||
r-release-windows-x86_64 | 1.1.1 | 133.00 | 85.00 | 218.00 | OK | |
r-oldrel-macos-arm64 | 1.1.1 | 97.00 | NOTE | |||
r-oldrel-macos-x86_64 | 1.1.1 | 147.00 | NOTE | |||
r-oldrel-windows-x86_64 | 1.1.1 | 146.00 | 97.00 | 243.00 | OK |
Version: 1.1.1
Check: installed package size
Result: NOTE
installed size is 14.9Mb
sub-directories of 1Mb or more:
libs 14.8Mb
Flavors: r-release-macos-arm64, r-release-macos-x86_64, r-oldrel-macos-arm64, r-oldrel-macos-x86_64