Last updated on 2024-08-15 20:48:28 CEST.
Flavor | Version | Tinstall | Tcheck | Ttotal | Status | Flags |
---|---|---|---|---|---|---|
r-devel-linux-x86_64-debian-clang | 0.0.4 | 4.99 | 40.52 | 45.51 | OK | |
r-devel-linux-x86_64-debian-gcc | 0.0.4 | 3.62 | 30.17 | 33.79 | OK | |
r-devel-linux-x86_64-fedora-clang | 0.0.4 | 72.20 | NOTE | |||
r-devel-linux-x86_64-fedora-gcc | 0.0.4 | 70.12 | OK | |||
r-devel-windows-x86_64 | 0.0.4 | 7.00 | 58.00 | 65.00 | OK | |
r-patched-linux-x86_64 | 0.0.4 | 4.16 | 38.45 | 42.61 | OK | |
r-release-linux-x86_64 | 0.0.4 | 2.98 | 38.22 | 41.20 | OK | |
r-release-macos-arm64 | 0.0.4 | 25.00 | OK | |||
r-release-macos-x86_64 | 0.0.4 | 38.00 | OK | |||
r-release-windows-x86_64 | 0.0.4 | 7.00 | 57.00 | 64.00 | OK | |
r-oldrel-macos-arm64 | 0.0.4 | 26.00 | OK | |||
r-oldrel-macos-x86_64 | 0.0.4 | 36.00 | OK | |||
r-oldrel-windows-x86_64 | 0.0.4 | 8.00 | 64.00 | 72.00 | OK |
Version: 0.0.4
Check: Rd cross-references
Result: NOTE
Undeclared package ‘scales’ in Rd xrefs
Flavor: r-devel-linux-x86_64-fedora-clang