Last updated on 2023-11-27 19:52:57 CET.
Flavor | Version | Tinstall | Tcheck | Ttotal | Status | Flags |
---|---|---|---|---|---|---|
r-devel-linux-x86_64-debian-clang | 1.0.8 | 251.07 | 104.52 | 355.59 | NOTE | |
r-devel-linux-x86_64-debian-gcc | 1.0.8 | 181.27 | 78.59 | 259.86 | NOTE | |
r-devel-linux-x86_64-fedora-clang | 1.0.8 | 570.38 | NOTE | |||
r-devel-linux-x86_64-fedora-gcc | 1.0.8 | 513.67 | NOTE | |||
r-devel-windows-x86_64 | 1.0.8 | 188.00 | 116.00 | 304.00 | NOTE | |
r-patched-linux-x86_64 | 1.0.8 | 158.70 | 97.22 | 255.92 | NOTE | |
r-release-linux-x86_64 | 1.0.8 | 147.02 | 97.55 | 244.57 | NOTE | |
r-release-macos-arm64 | 1.0.8 | 116.00 | NOTE | |||
r-release-macos-x86_64 | 1.0.8 | 222.00 | NOTE | |||
r-release-windows-x86_64 | 1.0.8 | 249.00 | 138.00 | 387.00 | NOTE | |
r-oldrel-macos-arm64 | 1.0.8 | 109.00 | NOTE | |||
r-oldrel-macos-x86_64 | 1.0.8 | 172.00 | NOTE | |||
r-oldrel-windows-x86_64 | 1.0.8 | 245.00 | 140.00 | 385.00 | NOTE |
Version: 1.0.8
Check: C++ specification
Result: NOTE
Specified C++11: please drop specification unless essential
Flavors: r-devel-linux-x86_64-debian-clang, r-devel-linux-x86_64-debian-gcc, r-devel-linux-x86_64-fedora-clang, r-devel-linux-x86_64-fedora-gcc, r-devel-windows-x86_64, r-patched-linux-x86_64, r-release-linux-x86_64, r-release-macos-arm64, r-release-macos-x86_64, r-release-windows-x86_64
Version: 1.0.8
Check: Rd files
Result: NOTE
checkRd: (-1) teachingApp.Rd:66: Lost braces
66 | code{link{create_logo}}
| ^
checkRd: (-1) teachingApp.Rd:66: Lost braces
66 | code{link{create_logo}}
| ^
checkRd: (-1) teachingApp.Rd:68: Lost braces
68 | code{link{add_logo}}
| ^
checkRd: (-1) teachingApp.Rd:68: Lost braces
68 | code{link{add_logo}}
| ^
Flavors: r-devel-linux-x86_64-debian-clang, r-devel-linux-x86_64-debian-gcc
Version: 1.0.8
Check: LazyData
Result: NOTE
'LazyData' is specified without a 'data' directory
Flavors: r-devel-linux-x86_64-debian-clang, r-devel-linux-x86_64-debian-gcc, r-devel-linux-x86_64-fedora-clang, r-devel-linux-x86_64-fedora-gcc, r-devel-windows-x86_64, r-patched-linux-x86_64, r-release-linux-x86_64, r-release-macos-arm64, r-release-macos-x86_64, r-release-windows-x86_64, r-oldrel-macos-arm64, r-oldrel-macos-x86_64, r-oldrel-windows-x86_64
Version: 1.0.8
Check: installed package size
Result: NOTE
installed size is 5.8Mb
sub-directories of 1Mb or more:
apps 3.2Mb
Flavors: r-devel-linux-x86_64-fedora-clang, r-release-macos-arm64, r-release-macos-x86_64, r-oldrel-macos-arm64, r-oldrel-macos-x86_64