CRAN Package Check Results for Package teachingApps

Last updated on 2022-12-02 20:53:28 CET.

Flavor Version Tinstall Tcheck Ttotal Status Flags
r-devel-linux-x86_64-debian-clang 1.0.8 251.62 110.23 361.85 NOTE
r-devel-linux-x86_64-debian-gcc 1.0.8 183.40 81.51 264.91 NOTE
r-devel-linux-x86_64-fedora-clang 1.0.8 581.30 NOTE
r-devel-linux-x86_64-fedora-gcc 1.0.8 458.68 NOTE
r-devel-windows-x86_64 1.0.8 514.00 168.00 682.00 NOTE
r-patched-linux-x86_64 1.0.8 200.41 104.36 304.77 NOTE
r-release-linux-x86_64 1.0.8 192.53 103.84 296.37 NOTE
r-release-macos-arm64 1.0.8 109.00 NOTE
r-release-macos-x86_64 1.0.8 172.00 NOTE
r-release-windows-x86_64 1.0.8 635.00 178.00 813.00 NOTE
r-oldrel-macos-arm64 1.0.8 112.00 NOTE
r-oldrel-macos-x86_64 1.0.8 180.00 NOTE
r-oldrel-windows-ix86+x86_64 1.0.8 593.00 184.00 777.00 NOTE

Check Details

Version: 1.0.8
Check: LazyData
Result: NOTE
     'LazyData' is specified without a 'data' directory
Flavors: r-devel-linux-x86_64-debian-clang, r-devel-linux-x86_64-debian-gcc, r-devel-linux-x86_64-fedora-clang, r-devel-linux-x86_64-fedora-gcc, r-devel-windows-x86_64, r-patched-linux-x86_64, r-release-linux-x86_64, r-release-macos-arm64, r-release-macos-x86_64, r-release-windows-x86_64, r-oldrel-macos-arm64, r-oldrel-macos-x86_64, r-oldrel-windows-ix86+x86_64

Version: 1.0.8
Check: installed package size
Result: NOTE
     installed size is 5.8Mb
     sub-directories of 1Mb or more:
     apps 3.2Mb
Flavors: r-devel-linux-x86_64-fedora-clang, r-release-macos-arm64, r-release-macos-x86_64, r-oldrel-macos-arm64, r-oldrel-macos-x86_64, r-oldrel-windows-ix86+x86_64