Last updated on 2024-04-17 20:57:51 CEST.
Flavor | Version | Tinstall | Tcheck | Ttotal | Status | Flags |
---|---|---|---|---|---|---|
r-devel-linux-x86_64-debian-clang | 3.0.0 | 7.15 | 81.15 | 88.30 | OK | |
r-devel-linux-x86_64-debian-gcc | 3.0.0 | 5.63 | 58.95 | 64.58 | OK | |
r-devel-linux-x86_64-fedora-clang | 3.0.0 | 112.87 | NOTE | |||
r-devel-linux-x86_64-fedora-gcc | 3.0.0 | 102.07 | NOTE | |||
r-prerel-macos-arm64 | 3.0.0 | 35.00 | OK | |||
r-prerel-windows-x86_64 | 3.0.0 | 8.00 | 76.00 | 84.00 | OK | |
r-patched-linux-x86_64 | 3.0.0 | 8.50 | 76.19 | 84.69 | OK | |
r-release-linux-x86_64 | 3.0.0 | 6.17 | 74.91 | 81.08 | OK | |
r-release-macos-arm64 | 3.0.0 | 38.00 | OK | |||
r-release-macos-x86_64 | 3.0.0 | 77.00 | OK | |||
r-release-windows-x86_64 | 3.0.0 | 10.00 | 91.00 | 101.00 | OK | |
r-oldrel-macos-arm64 | 3.0.0 | 42.00 | OK | |||
r-oldrel-windows-x86_64 | 3.0.0 | 10.00 | 94.00 | 104.00 | OK |
Version: 3.0.0
Check: data for non-ASCII characters
Result: NOTE
Note: found 30 marked UTF-8 strings
Flavors: r-devel-linux-x86_64-fedora-clang, r-devel-linux-x86_64-fedora-gcc