CRAN Package Check Results for Package taylor

Last updated on 2022-10-03 21:53:51 CEST.

Flavor Version Tinstall Tcheck Ttotal Status Flags
r-devel-linux-x86_64-debian-clang 1.0.0 8.08 74.12 82.20 OK
r-devel-linux-x86_64-debian-gcc 1.0.0 5.18 54.32 59.50 OK
r-devel-linux-x86_64-fedora-clang 1.0.0 115.44 NOTE
r-devel-linux-x86_64-fedora-gcc 1.0.0 109.79 NOTE
r-devel-windows-x86_64 1.0.0 59.00 101.00 160.00 OK
r-patched-linux-x86_64 1.0.0 8.31 69.26 77.57 OK
r-release-linux-x86_64 1.0.0 6.93 68.61 75.54 OK
r-release-macos-arm64 1.0.0 29.00 NOTE
r-release-macos-x86_64 1.0.0 60.00 NOTE
r-release-windows-x86_64 1.0.0 64.00 101.00 165.00 OK
r-oldrel-macos-arm64 1.0.0 29.00 NOTE
r-oldrel-macos-x86_64 1.0.0 42.00 NOTE
r-oldrel-windows-ix86+x86_64 1.0.0 17.00 93.00 110.00 OK

Check Details

Version: 1.0.0
Check: data for non-ASCII characters
Result: NOTE
     Note: found 50 marked UTF-8 strings
Flavors: r-devel-linux-x86_64-fedora-clang, r-devel-linux-x86_64-fedora-gcc, r-release-macos-arm64, r-release-macos-x86_64, r-oldrel-macos-arm64, r-oldrel-macos-x86_64