CRAN Package Check Results for Package tau

Last updated on 2025-02-20 19:51:47 CET.

Flavor Version Tinstall Tcheck Ttotal Status Flags
r-devel-linux-x86_64-debian-clang 0.0-26 3.38 19.66 23.04 OK
r-devel-linux-x86_64-debian-gcc 0.0-26 2.89 15.70 18.59 OK
r-devel-linux-x86_64-fedora-clang 0.0-26 37.83 OK
r-devel-linux-x86_64-fedora-gcc 0.0-26 37.06 OK
r-devel-macos-arm64 0.0-26 17.00 NOTE
r-devel-macos-x86_64 0.0-26 28.00 NOTE
r-devel-windows-x86_64 0.0-26 9.00 44.00 53.00 NOTE
r-patched-linux-x86_64 0.0-26 3.33 18.92 22.25 OK
r-release-linux-x86_64 0.0-26 3.29 18.79 22.08 OK
r-release-macos-arm64 0.0-26 19.00 OK
r-release-macos-x86_64 0.0-26 31.00 OK
r-release-windows-x86_64 0.0-26 7.00 43.00 50.00 OK
r-oldrel-macos-arm64 0.0-26 25.00 OK
r-oldrel-macos-x86_64 0.0-26 31.00 OK
r-oldrel-windows-x86_64 0.0-26 8.00 49.00 57.00 OK

Additional issues

rchk

Check Details

Version: 0.0-26
Check: tests
Result: NOTE Running ‘counting.R’ [0s/0s] Comparing ‘counting.Rout’ to ‘counting.Rout.save’ ...26a27,28 > counting ... 9 string(s) using 19 nodes [0.00s] > writing ... 16 strings [0.00s] 47a50 > counting ... 9 string(s) using 19 nodes [0.00s] 49a53,54 > counting ... 9 string(s) using 19 nodes [0.00s] > writing ... 16 strings [0.00s] 70a76,77 > counting ... 2 string(s) using 5 nodes [0.00s] > writing ... 2 strings [0.00s] 77a85,86 > counting ... 2 string(s) using 5 nodes [0.00s] > writing ... 4 strings [0.00s] 86a96,97 > counting ... 2 string(s) using 6 nodes [0.00s] > writing ... 5 strings [0.00s] 96a108,109 > counting ... 2 string(s) using 6 nodes [0.00s] > writing ... 5 strings [0.00s] 106a120 > counting ... 2 string(s) using 5 nodes [0.00s] 108a123,124 > counting ... 2 string(s) using 5 nodes [0.00s] > writing ... 2 strings [0.00s] Running ‘counting_useBytes.R’ [0s/0s] Comparing ‘counting_useBytes.Rout’ to ‘counting_useBytes.Rout.save’ ...32a33,34 > counting ... 10 string(s) using 19 nodes [0.00s] > writing ... 19 strings [0.00s] 56a59 > counting ... 10 string(s) using 19 nodes [0.00s] 58a62,63 > counting ... 10 string(s) using 19 nodes [0.00s] > writing ... 19 strings [0.00s] 82a88,89 > counting ... 2 string(s) using 5 nodes [0.00s] > writing ... 2 strings [0.00s] 89a97,98 > counting ... 2 string(s) using 5 nodes [0.00s] > writing ... 5 strings [0.00s] 99a109,110 > counting ... 2 string(s) using 6 nodes [0.00s] > writing ... 6 strings [0.00s] 110a122,123 > counting ... 2 string(s) using 6 nodes [0.00s] > writing ... 6 strings [0.00s] 121a135 > counting ... 2 string(s) using 5 nodes [0.00s] 123a138,139 > counting ... 2 string(s) using 5 nodes [0.00s] > writing ... 2 strings [0.00s] Flavors: r-devel-macos-arm64, r-devel-macos-x86_64

Version: 0.0-26
Check: tests
Result: NOTE Running 'counting.R' [0s] Comparing 'counting.Rout' to 'counting.Rout.save' ...26a27,28 > counting ... 9 string(s) using 19 nodes [0.00s] > writing ... 16 strings [0.00s] 47a50 > counting ... 9 string(s) using 19 nodes [0.00s] 49a53,54 > counting ... 9 string(s) using 19 nodes [0.00s] > writing ... 16 strings [0.00s] 70a76,77 > counting ... 2 string(s) using 5 nodes [0.00s] > writing ... 2 strings [0.00s] 77a85,86 > counting ... 2 string(s) using 5 nodes [0.00s] > writing ... 4 strings [0.00s] 86a96,97 > counting ... 2 string(s) using 6 nodes [0.00s] > writing ... 5 strings [0.00s] 96a108,109 > counting ... 2 string(s) using 6 nodes [0.00s] > writing ... 5 strings [0.00s] 106a120 > counting ... 2 string(s) using 5 nodes [0.00s] 108a123,124 > counting ... 2 string(s) using 5 nodes [0.00s] > writing ... 2 strings [0.00s] Running 'counting_useBytes.R' [0s] Comparing 'counting_useBytes.Rout' to 'counting_useBytes.Rout.save' ...32a33,34 > counting ... 10 string(s) using 19 nodes [0.00s] > writing ... 19 strings [0.00s] 56a59 > counting ... 10 string(s) using 19 nodes [0.00s] 58a62,63 > counting ... 10 string(s) using 19 nodes [0.00s] > writing ... 19 strings [0.00s] 82a88,89 > counting ... 2 string(s) using 5 nodes [0.00s] > writing ... 2 strings [0.00s] 89a97,98 > counting ... 2 string(s) using 5 nodes [0.00s] > writing ... 5 strings [0.00s] 99a109,110 > counting ... 2 string(s) using 6 nodes [0.00s] > writing ... 6 strings [0.00s] 110a122,123 > counting ... 2 string(s) using 6 nodes [0.00s] > writing ... 6 strings [0.00s] 121a135 > counting ... 2 string(s) using 5 nodes [0.00s] 123a138,139 > counting ... 2 string(s) using 5 nodes [0.00s] > writing ... 2 strings [0.00s] Flavor: r-devel-windows-x86_64