Last updated on 2023-06-04 21:58:35 CEST.
Flavor | Version | Tinstall | Tcheck | Ttotal | Status | Flags |
---|---|---|---|---|---|---|
r-devel-linux-x86_64-debian-clang | 0.1.4 | 7.61 | 44.84 | 52.45 | NOTE | |
r-devel-linux-x86_64-debian-gcc | 0.1.4 | 6.13 | 34.95 | 41.08 | NOTE | |
r-devel-linux-x86_64-fedora-clang | 0.1.4 | 69.46 | NOTE | |||
r-devel-linux-x86_64-fedora-gcc | 0.1.4 | 75.29 | NOTE | |||
r-devel-windows-x86_64 | 0.1.4 | 10.00 | 62.00 | 72.00 | NOTE | |
r-patched-linux-x86_64 | 0.1.4 | 7.02 | 42.95 | 49.97 | NOTE | |
r-release-linux-x86_64 | 0.1.4 | 5.57 | 42.79 | 48.36 | NOTE | |
r-release-macos-arm64 | 0.1.4 | 34.00 | NOTE | |||
r-release-macos-x86_64 | 0.1.4 | 51.00 | NOTE | |||
r-release-windows-x86_64 | 0.1.4 | 12.00 | 68.00 | 80.00 | NOTE | |
r-oldrel-macos-arm64 | 0.1.4 | 34.00 | NOTE | |||
r-oldrel-macos-x86_64 | 0.1.4 | 39.00 | NOTE | |||
r-oldrel-windows-x86_64 | 0.1.4 | 10.00 | 72.00 | 82.00 | OK |
Version: 0.1.4
Check: C++ specification
Result: NOTE
Specified C++11: please drop specification unless essential
Flavors: r-devel-linux-x86_64-debian-clang, r-devel-linux-x86_64-debian-gcc, r-devel-linux-x86_64-fedora-clang, r-devel-linux-x86_64-fedora-gcc, r-devel-windows-x86_64, r-patched-linux-x86_64, r-release-linux-x86_64, r-release-macos-arm64, r-release-macos-x86_64, r-release-windows-x86_64
Version: 0.1.4
Check: data for non-ASCII characters
Result: NOTE
Note: found 301 marked UTF-8 strings
Flavors: r-devel-linux-x86_64-fedora-clang, r-devel-linux-x86_64-fedora-gcc, r-oldrel-macos-arm64, r-oldrel-macos-x86_64