CRAN Package Check Results for Package tabulate

Last updated on 2022-12-04 20:53:37 CET.

Flavor Version Tinstall Tcheck Ttotal Status Flags
r-devel-linux-x86_64-debian-clang 0.1.0 75.22 34.54 109.76 OK
r-devel-linux-x86_64-debian-gcc 0.1.0 64.10 26.46 90.56 OK
r-devel-linux-x86_64-fedora-clang 0.1.0 182.49 OK
r-devel-linux-x86_64-fedora-gcc 0.1.0 168.18 OK
r-devel-windows-x86_64 0.1.0 104.00 83.00 187.00 OK
r-patched-linux-x86_64 0.1.0 72.87 33.01 105.88 OK
r-release-linux-x86_64 0.1.0 73.61 33.56 107.17 OK
r-release-macos-arm64 0.1.0 38.00 NOTE
r-release-macos-x86_64 0.1.0 56.00 OK
r-release-windows-x86_64 0.1.0 102.00 86.00 188.00 OK
r-oldrel-macos-arm64 0.1.0 35.00 NOTE
r-oldrel-macos-x86_64 0.1.0 56.00 OK
r-oldrel-windows-ix86+x86_64 0.1.0 242.00 87.00 329.00 OK

Check Details

Version: 0.1.0
Check: installed package size
Result: NOTE
     installed size is 5.2Mb
     sub-directories of 1Mb or more:
     libs 5.0Mb
Flavors: r-release-macos-arm64, r-oldrel-macos-arm64