Last updated on 2025-05-09 20:50:05 CEST.
Flavor | Version | Tinstall | Tcheck | Ttotal | Status | Flags |
---|---|---|---|---|---|---|
r-devel-linux-x86_64-debian-clang | 0.0.3 | 20.97 | 23.31 | 44.28 | NOTE | |
r-devel-linux-x86_64-debian-gcc | 0.0.3 | 13.93 | 18.37 | 32.30 | NOTE | |
r-devel-linux-x86_64-fedora-clang | 0.0.3 | 80.73 | NOTE | |||
r-devel-linux-x86_64-fedora-gcc | 0.0.3 | 81.98 | NOTE | |||
r-devel-windows-x86_64 | 0.0.3 | 26.00 | 59.00 | 85.00 | NOTE | |
r-patched-linux-x86_64 | 0.0.3 | 19.39 | 22.53 | 41.92 | NOTE | |
r-release-linux-x86_64 | 0.0.3 | 20.23 | 22.45 | 42.68 | NOTE | |
r-release-macos-arm64 | 0.0.3 | 26.00 | NOTE | |||
r-release-macos-x86_64 | 0.0.3 | 39.00 | NOTE | |||
r-release-windows-x86_64 | 0.0.3 | 25.00 | 67.00 | 92.00 | NOTE | |
r-oldrel-macos-arm64 | 0.0.3 | 25.00 | NOTE | |||
r-oldrel-macos-x86_64 | 0.0.3 | 37.00 | NOTE | |||
r-oldrel-windows-x86_64 | 0.0.3 | 29.00 | 76.00 | 105.00 | NOTE |
Version: 0.0.3
Check: C++ specification
Result: NOTE
Specified C++11: please drop specification unless essential
Flavors: r-devel-linux-x86_64-debian-clang, r-devel-linux-x86_64-debian-gcc, r-devel-linux-x86_64-fedora-clang, r-devel-linux-x86_64-fedora-gcc, r-devel-windows-x86_64, r-patched-linux-x86_64, r-release-linux-x86_64, r-release-macos-arm64, r-release-macos-x86_64, r-release-windows-x86_64, r-oldrel-macos-arm64, r-oldrel-macos-x86_64, r-oldrel-windows-x86_64