Last updated on 2025-05-06 20:50:55 CEST.
Flavor | Version | Tinstall | Tcheck | Ttotal | Status | Flags |
---|---|---|---|---|---|---|
r-devel-linux-x86_64-debian-clang | 0.5.2 | 11.79 | 130.08 | 141.87 | OK | |
r-devel-linux-x86_64-debian-gcc | 0.5.2 | 6.97 | 88.20 | 95.17 | OK | |
r-devel-linux-x86_64-fedora-clang | 0.5.2 | 236.00 | NOTE | |||
r-devel-linux-x86_64-fedora-gcc | 0.5.2 | 244.26 | NOTE | |||
r-devel-windows-x86_64 | 0.5.2 | 13.00 | 154.00 | 167.00 | OK | |
r-patched-linux-x86_64 | 0.5.2 | 13.76 | 121.27 | 135.03 | OK | |
r-release-linux-x86_64 | 0.5.2 | 11.74 | 120.60 | 132.34 | OK | |
r-release-macos-arm64 | 0.5.2 | 67.00 | OK | |||
r-release-macos-x86_64 | 0.5.2 | 213.00 | OK | |||
r-release-windows-x86_64 | 0.5.2 | 14.00 | 154.00 | 168.00 | OK | |
r-oldrel-macos-arm64 | 0.5.2 | 70.00 | OK | |||
r-oldrel-macos-x86_64 | 0.5.2 | 154.00 | OK | |||
r-oldrel-windows-x86_64 | 0.5.2 | 18.00 | 188.00 | 206.00 | OK |
Version: 0.5.2
Check: for non-standard things in the check directory
Result: NOTE
Found the following files/directories:
‘lilypond-tmp-midi-5b475c’ ‘lilypond-tmp-midi-8e81af’
Flavor: r-devel-linux-x86_64-fedora-clang
Version: 0.5.2
Check: for non-standard things in the check directory
Result: NOTE
Found the following files/directories:
‘lilypond-tmp-midi-19accc’ ‘lilypond-tmp-midi-3553e5’
Flavor: r-devel-linux-x86_64-fedora-gcc