Last updated on 2025-10-30 19:53:39 CET.
| Flavor | Version | Tinstall | Tcheck | Ttotal | Status | Flags | 
|---|---|---|---|---|---|---|
| r-devel-linux-x86_64-debian-clang | 0.7.0 | 32.60 | 374.22 | 406.82 | OK | |
| r-devel-linux-x86_64-debian-gcc | 0.7.0 | 23.83 | 290.96 | 314.79 | OK | |
| r-devel-linux-x86_64-fedora-clang | 0.7.0 | 76.00 | 530.03 | 606.03 | OK | |
| r-devel-linux-x86_64-fedora-gcc | 0.7.0 | 72.00 | 526.29 | 598.29 | OK | |
| r-devel-windows-x86_64 | 0.7.0 | 25.00 | 194.00 | 219.00 | ERROR | |
| r-patched-linux-x86_64 | 0.7.0 | 29.54 | 363.53 | 393.07 | OK | |
| r-release-linux-x86_64 | 0.7.0 | 31.80 | 359.77 | 391.57 | OK | |
| r-release-macos-arm64 | 0.7.0 | 12.00 | 76.00 | 88.00 | OK | |
| r-release-macos-x86_64 | 0.7.0 | 20.00 | 129.00 | 149.00 | OK | |
| r-release-windows-x86_64 | 0.7.0 | 30.00 | 230.00 | 260.00 | ERROR | |
| r-oldrel-macos-arm64 | 0.7.0 | 12.00 | 119.00 | 131.00 | OK | |
| r-oldrel-macos-x86_64 | 0.7.0 | 18.00 | 150.00 | 168.00 | OK | |
| r-oldrel-windows-x86_64 | 0.7.0 | 41.00 | 303.00 | 344.00 | ERROR | 
Version: 0.7.0
Check: examples
Result: ERROR
  Running examples in 'tabnet-Ex.R' failed
  The error most likely occurred in:
  
  > ### Name: nn_prune_head.tabnet_fit
  > ### Title: Prune top layer(s) of a tabnet network
  > ### Aliases: nn_prune_head.tabnet_fit nn_prune_head.tabnet_pretrain
  > 
  > ### ** Examples
  > 
  > ## Don't show: 
  > if ((torch::torch_is_installed())) (if (getRversion() >= "3.4") withAutoprint else force)({ # examplesIf
  + ## End(Don't show)
  + data("ames", package = "modeldata")
  + x <- ames[,-which(names(ames) == "Sale_Price")]
  + y <- ames$Sale_Price
  + # pretrain a tabnet model on ames dataset
  + ames_pretrain <- tabnet_pretrain(x, y, epoch = 2, checkpoint_epochs = 1)
  + # prune classification head to get an embedding model
  + pruned_pretrain <- torch::nn_prune_head(ames_pretrain, 1)
  + ## Don't show: 
  + }) # examplesIf
  > data("ames", package = "modeldata")
  > x <- ames[, -which(names(ames) == "Sale_Price")]
  > y <- ames$Sale_Price
  > ames_pretrain <- tabnet_pretrain(x, y, epoch = 2, checkpoint_epochs = 1)
Flavor: r-devel-windows-x86_64
Version: 0.7.0
Check: re-building of vignette outputs
Result: ERROR
  Error(s) in re-building vignettes:
  --- re-building 'Hierarchical_classification.Rmd' using rmarkdown
  --- finished re-building 'Hierarchical_classification.Rmd'
  
  --- re-building 'Missing_data_predictors.Rmd' using rmarkdown
  --- finished re-building 'Missing_data_predictors.Rmd'
  
  --- re-building 'interpretation.Rmd' using rmarkdown
  --- re-building 'selfsupervised_training.Rmd' using rmarkdown
  --- finished re-building 'selfsupervised_training.Rmd'
  
  --- re-building 'tidymodels-interface.Rmd' using rmarkdown
  --- finished re-building 'tidymodels-interface.Rmd'
  
  SUMMARY: processing the following file failed:
    'interpretation.Rmd'
  
  Error: Vignette re-building failed.
  Execution halted
Flavor: r-devel-windows-x86_64
Version: 0.7.0
Check: whether package can be installed
Result: WARN
  Found the following significant warnings:
    Warning: Torch libraries are installed but loading them caused a segfault.
Flavors: r-release-windows-x86_64, r-oldrel-windows-x86_64
Version: 0.7.0
Check: examples
Result: ERROR
  Running examples in 'tabnet-Ex.R' failed
  The error most likely occurred in:
  
  > ### Name: nn_prune_head.tabnet_fit
  > ### Title: Prune top layer(s) of a tabnet network
  > ### Aliases: nn_prune_head.tabnet_fit nn_prune_head.tabnet_pretrain
  > 
  > ### ** Examples
  > 
  > ## Don't show: 
  > if ((torch::torch_is_installed())) (if (getRversion() >= "3.4") withAutoprint else force)({ # examplesIf
  + ## End(Don't show)
  + data("ames", package = "modeldata")
  + x <- ames[,-which(names(ames) == "Sale_Price")]
  + y <- ames$Sale_Price
  + # pretrain a tabnet model on ames dataset
  + ames_pretrain <- tabnet_pretrain(x, y, epoch = 2, checkpoint_epochs = 1)
  + # prune classification head to get an embedding model
  + pruned_pretrain <- torch::nn_prune_head(ames_pretrain, 1)
  + ## Don't show: 
  + }) # examplesIf
  > data("ames", package = "modeldata")
  > x <- ames[, -which(names(ames) == "Sale_Price")]
  > y <- ames$Sale_Price
  > ames_pretrain <- tabnet_pretrain(x, y, epoch = 2, checkpoint_epochs = 1)
  Error in cpp_torch_manual_seed(as.character(seed)) : 
    Lantern is not loaded. Please use `install_torch()` to install additional dependencies.
  Calls: <Anonymous> ... tabnet_train_unsupervised -> <Anonymous> -> cpp_torch_manual_seed
  Execution halted
Flavors: r-release-windows-x86_64, r-oldrel-windows-x86_64
Version: 0.7.0
Check: re-building of vignette outputs
Result: ERROR
  Error(s) in re-building vignettes:
  --- re-building 'Hierarchical_classification.Rmd' using rmarkdown
  --- finished re-building 'Hierarchical_classification.Rmd'
  
  --- re-building 'Missing_data_predictors.Rmd' using rmarkdown
  --- finished re-building 'Missing_data_predictors.Rmd'
  
  --- re-building 'interpretation.Rmd' using rmarkdown
  
  Quitting from interpretation.Rmd:107-109 [unnamed-chunk-4]
  ~~~~~~~~~~~~~~~~~~~~~~~~~~~~~~~~~~~~~~~~~~~~~~~~~~~~~~~~~~~~~~~~~~~~~~~~~~~~~~~~
  <error/rlang_error>
  Error in `cpp_torch_manual_seed()`:
  ! Lantern is not loaded. Please use `install_torch()` to install additional dependencies.
  ---
  Backtrace:
      ▆
   1. ├─tabnet::tabnet_fit(...)
   2. └─tabnet:::tabnet_fit.formula(...)
   3.   └─tabnet:::tabnet_bridge(...)
   4.     └─tabnet:::tabnet_initialize(predictors, outcomes, config = config)
   5.       └─torch::torch_manual_seed(sample.int(1e+06, 1))
   6.         └─torch:::cpp_torch_manual_seed(as.character(seed))
  ~~~~~~~~~~~~~~~~~~~~~~~~~~~~~~~~~~~~~~~~~~~~~~~~~~~~~~~~~~~~~~~~~~~~~~~~~~~~~~~~
  
  Error: processing vignette 'interpretation.Rmd' failed with diagnostics:
  Lantern is not loaded. Please use `install_torch()` to install additional dependencies.
  --- failed re-building 'interpretation.Rmd'
  
  --- re-building 'selfsupervised_training.Rmd' using rmarkdown
  --- finished re-building 'selfsupervised_training.Rmd'
  
  --- re-building 'tidymodels-interface.Rmd' using rmarkdown
  --- finished re-building 'tidymodels-interface.Rmd'
  
  SUMMARY: processing the following file failed:
    'interpretation.Rmd'
  
  Error: Vignette re-building failed.
  Execution halted
Flavors: r-release-windows-x86_64, r-oldrel-windows-x86_64