Last updated on 2024-03-28 19:48:47 CET.
Flavor | Version | Tinstall | Tcheck | Ttotal | Status | Flags |
---|---|---|---|---|---|---|
r-devel-linux-x86_64-debian-clang | 0.6.5 | 10.45 | 144.73 | 155.18 | OK | |
r-devel-linux-x86_64-debian-gcc | 0.6.5 | 8.35 | 108.17 | 116.52 | OK | |
r-devel-linux-x86_64-fedora-clang | 0.6.5 | 217.39 | OK | |||
r-devel-linux-x86_64-fedora-gcc | 0.6.5 | 195.76 | OK | |||
r-devel-windows-x86_64 | 0.6.5 | 11.00 | 138.00 | 149.00 | OK | |
r-patched-linux-x86_64 | 0.6.5 | 7.97 | 143.40 | 151.37 | OK | |
r-release-linux-x86_64 | 0.6.5 | 6.54 | 138.76 | 145.30 | OK | |
r-release-macos-arm64 | 0.6.5 | 66.00 | OK | |||
r-release-macos-x86_64 | 0.6.5 | 157.00 | OK | |||
r-release-windows-x86_64 | 0.6.5 | 13.00 | 171.00 | 184.00 | OK | |
r-oldrel-macos-arm64 | 0.6.5 | 11.00 | ERROR | |||
r-oldrel-windows-x86_64 | 0.6.5 | 14.00 | 161.00 | 175.00 | OK |
Version: 0.6.5
Check: package dependencies
Result: ERROR
Package required and available but unsuitable version: ‘spork’
See section ‘The DESCRIPTION file’ in the ‘Writing R Extensions’
manual.
Flavor: r-oldrel-macos-arm64