Last updated on 2025-05-03 21:51:35 CEST.
Flavor | Version | Tinstall | Tcheck | Ttotal | Status | Flags |
---|---|---|---|---|---|---|
r-devel-linux-x86_64-debian-clang | 1.0 | 6.63 | 56.08 | 62.71 | NOTE | |
r-devel-linux-x86_64-debian-gcc | 1.0 | 5.06 | 42.64 | 47.70 | NOTE | |
r-devel-linux-x86_64-fedora-clang | 1.0 | 98.13 | OK | |||
r-devel-linux-x86_64-fedora-gcc | 1.0 | 93.92 | OK | |||
r-devel-windows-x86_64 | 1.0 | 8.00 | 71.00 | 79.00 | OK | |
r-patched-linux-x86_64 | 1.0 | 7.08 | 52.86 | 59.94 | OK | |
r-release-linux-x86_64 | OK | |||||
r-release-macos-arm64 | 1.0 | 37.00 | OK | |||
r-release-macos-x86_64 | 1.0 | 66.00 | OK | |||
r-release-windows-x86_64 | 1.0 | 7.00 | 67.00 | 74.00 | OK | |
r-oldrel-macos-arm64 | 1.0 | 34.00 | OK | |||
r-oldrel-macos-x86_64 | 1.0 | 46.00 | OK | |||
r-oldrel-windows-x86_64 | 1.0 | 10.00 | 74.00 | 84.00 | OK |
Version: 1.0
Check: CRAN incoming feasibility
Result: NOTE
Maintainer: ‘Shannon T. Holloway <shannon.t.holloway@gmail.com>’
The Description field contains
<arXiv:2204.10739> .
Please refer to arXiv e-prints via their arXiv DOI <doi:10.48550/arXiv.YYMM.NNNNN>.
Flavors: r-devel-linux-x86_64-debian-clang, r-devel-linux-x86_64-debian-gcc