Last updated on 2025-11-22 19:50:44 CET.
| Flavor | Version | Tinstall | Tcheck | Ttotal | Status | Flags |
|---|---|---|---|---|---|---|
| r-devel-linux-x86_64-debian-clang | 0.5.0 | 8.34 | 70.96 | 79.30 | NOTE | |
| r-devel-linux-x86_64-debian-gcc | 0.5.0 | 6.46 | 50.42 | 56.88 | NOTE | |
| r-devel-linux-x86_64-fedora-clang | 0.5.0 | 19.00 | 100.05 | 119.05 | OK | |
| r-devel-linux-x86_64-fedora-gcc | 0.5.0 | 14.00 | 95.53 | 109.53 | OK | |
| r-devel-windows-x86_64 | 0.5.0 | 9.00 | 84.00 | 93.00 | OK | |
| r-patched-linux-x86_64 | 0.5.0 | 8.61 | 67.16 | 75.77 | OK | |
| r-release-linux-x86_64 | 0.5.0 | 7.33 | 66.82 | 74.15 | OK | |
| r-release-macos-arm64 | 0.5.0 | OK | ||||
| r-release-macos-x86_64 | 0.5.0 | 7.00 | 57.00 | 64.00 | OK | |
| r-release-windows-x86_64 | 0.5.0 | 10.00 | 90.00 | 100.00 | OK | |
| r-oldrel-macos-arm64 | 0.5.0 | OK | ||||
| r-oldrel-macos-x86_64 | 0.5.0 | 11.00 | 103.00 | 114.00 | OK | |
| r-oldrel-windows-x86_64 | 0.5.0 | 11.00 | 101.00 | 112.00 | OK |
Version: 0.5.0
Check: CRAN incoming feasibility
Result: NOTE
Maintainer: ‘Stéphane Laurent <laurent_step@outlook.fr>’
No Authors@R field in DESCRIPTION.
Please add one, modifying
Authors@R: person(given = "Stéphane",
family = "Laurent",
role = c("aut", "cre"),
email = "laurent_step@outlook.fr")
as necessary.
Flavors: r-devel-linux-x86_64-debian-clang, r-devel-linux-x86_64-debian-gcc