Last updated on 2024-04-23 20:52:21 CEST.
Flavor | Version | Tinstall | Tcheck | Ttotal | Status | Flags |
---|---|---|---|---|---|---|
r-devel-linux-x86_64-debian-clang | 3.4.2 | 3.03 | 26.66 | 29.69 | OK | |
r-devel-linux-x86_64-debian-gcc | 3.4.2 | 2.25 | 20.51 | 22.76 | OK | |
r-devel-linux-x86_64-fedora-clang | 3.4.2 | 36.71 | OK | |||
r-devel-linux-x86_64-fedora-gcc | 3.4.2 | 35.90 | OK | |||
r-prerel-macos-arm64 | 3.4.2 | 26.00 | OK | |||
r-prerel-windows-x86_64 | 3.4.2 | 9.00 | 54.00 | 63.00 | NOTE | |
r-patched-linux-x86_64 | 3.4.2 | 3.17 | 25.94 | 29.11 | OK | |
r-release-linux-x86_64 | 3.4.2 | 2.85 | 25.43 | 28.28 | OK | |
r-release-macos-arm64 | 3.4.2 | 36.00 | OK | |||
r-release-macos-x86_64 | 3.4.2 | 53.00 | OK | |||
r-release-windows-x86_64 | 3.4.2 | 7.00 | 52.00 | 59.00 | NOTE | |
r-oldrel-macos-arm64 | 3.4.2 | 43.00 | OK | |||
r-oldrel-windows-x86_64 | 3.4.2 | 8.00 | 57.00 | 65.00 | NOTE |
Version: 3.4.2
Check: package dependencies
Result: NOTE
Package suggested but not available for checking: 'unix'
Flavors: r-prerel-windows-x86_64, r-release-windows-x86_64, r-oldrel-windows-x86_64