Last updated on 2025-07-18 20:49:05 CEST.
Flavor | Version | Tinstall | Tcheck | Ttotal | Status | Flags |
---|---|---|---|---|---|---|
r-devel-linux-x86_64-debian-clang | 0.4 | 11.93 | 90.97 | 102.90 | OK | |
r-devel-linux-x86_64-debian-gcc | 0.4 | 9.19 | 63.62 | 72.81 | ERROR | |
r-devel-linux-x86_64-fedora-clang | 0.4 | 202.36 | OK | |||
r-devel-linux-x86_64-fedora-gcc | 0.4 | 195.22 | OK | |||
r-devel-windows-x86_64 | 0.4 | 14.00 | 120.00 | 134.00 | OK | |
r-patched-linux-x86_64 | 0.4 | 10.17 | 85.46 | 95.63 | OK | |
r-release-linux-x86_64 | 0.4 | 10.26 | 86.22 | 96.48 | OK | |
r-release-macos-arm64 | 0.4 | 56.00 | OK | |||
r-release-macos-x86_64 | 0.4 | 101.00 | OK | |||
r-release-windows-x86_64 | 0.4 | 14.00 | 119.00 | 133.00 | OK | |
r-oldrel-macos-arm64 | 0.4 | 48.00 | OK | |||
r-oldrel-macos-x86_64 | 0.4 | 72.00 | OK | |||
r-oldrel-windows-x86_64 | 0.4 | 18.00 | 174.00 | 192.00 | OK |
Version: 0.4
Check: whether the package can be loaded
Result: ERROR
Loading required package: caracas
Error in python_config_impl(python) :
Error running '/tmp/check-CRAN-regular-hornik/cache/R/reticulate/uv/cache/builds-v0/.tmpn4u2aa/bin/python': No such file.
In addition: Warning message:
In normalizePath(python_home) :
path[1]="/tmp/check-CRAN-regular-hornik/cache/R/reticulate/uv/cache/builds-v0/.tmpn4u2aa/bin": No such file or directory
Attaching package: ‘caracas’
The following objects are masked from ‘package:base’:
%*%, det, diag, diag<-
It looks like this package has a loading problem: see the messages for
details.
Flavor: r-devel-linux-x86_64-debian-gcc
Version: 0.4
Check: whether the package can be loaded with stated dependencies
Result: WARN
Loading required package: caracas
Loading required package: methods
Error in python_config_impl(python) :
Error running '/tmp/check-CRAN-regular-hornik/cache/R/reticulate/uv/cache/builds-v0/.tmpf4WFig/bin/python': No such file.
In addition: Warning message:
In normalizePath(python_home) :
path[1]="/tmp/check-CRAN-regular-hornik/cache/R/reticulate/uv/cache/builds-v0/.tmpf4WFig/bin": No such file or directory
Attaching package: ‘caracas’
The following objects are masked from ‘package:base’:
%*%, det, diag, diag<-
It looks like this package (or one of its dependent packages) has an
unstated dependence on a standard package. All dependencies must be
declared in DESCRIPTION.
See section ‘The DESCRIPTION file’ in the ‘Writing R Extensions’
manual.
Flavor: r-devel-linux-x86_64-debian-gcc
Version: 0.4
Check: whether the package can be unloaded cleanly
Result: WARN
---- unloading
Flavor: r-devel-linux-x86_64-debian-gcc
Version: 0.4
Check: whether the namespace can be loaded with stated dependencies
Result: WARN
Error in python_config_impl(python) :
Error running '/tmp/check-CRAN-regular-hornik/cache/R/reticulate/uv/cache/builds-v0/.tmp8PoucK/bin/python': No such file.
A namespace must be able to be loaded with just the base namespace
loaded: otherwise if the namespace gets loaded by a saved object, the
session will be unable to start.
Probably some imports need to be declared in the NAMESPACE file.
Flavor: r-devel-linux-x86_64-debian-gcc
Version: 0.4
Check: whether the namespace can be unloaded cleanly
Result: WARN
---- unloading
Flavor: r-devel-linux-x86_64-debian-gcc
Version: 0.4
Check: loading without being on the library search path
Result: WARN
Loading required package: caracas
Error in python_config_impl(python) :
Error running '/tmp/check-CRAN-regular-hornik/cache/R/reticulate/uv/cache/builds-v0/.tmpkS46wq/bin/python': No such file.
In addition: Warning message:
In normalizePath(python_home) :
path[1]="/tmp/check-CRAN-regular-hornik/cache/R/reticulate/uv/cache/builds-v0/.tmpkS46wq/bin": No such file or directory
Attaching package: ‘caracas’
The following objects are masked from ‘package:base’:
%*%, det, diag, diag<-
It looks like this package has a loading problem when not on .libPaths:
see the messages for details.
Flavor: r-devel-linux-x86_64-debian-gcc
Version: 0.4
Check: R code for possible problems
Result: NOTE
Error in python_config_impl(python) :
Error running '/tmp/check-CRAN-regular-hornik/cache/R/reticulate/uv/cache/builds-v0/.tmp4wLtE5/bin/python': No such file.
Flavor: r-devel-linux-x86_64-debian-gcc