Last updated on 2025-02-06 19:49:37 CET.
Flavor | Version | Tinstall | Tcheck | Ttotal | Status | Flags |
---|---|---|---|---|---|---|
r-devel-linux-x86_64-debian-clang | 0.2.5 | 14.16 | 230.77 | 244.93 | NOTE | |
r-devel-linux-x86_64-debian-gcc | 0.2.5 | 9.99 | 156.41 | 166.40 | NOTE | |
r-devel-linux-x86_64-fedora-clang | 0.2.5 | 401.56 | NOTE | |||
r-devel-linux-x86_64-fedora-gcc | 0.2.5 | 393.54 | NOTE | |||
r-devel-windows-x86_64 | 0.2.5 | 17.00 | 211.00 | 228.00 | NOTE | |
r-patched-linux-x86_64 | 0.2.5 | 19.74 | 179.42 | 199.16 | ERROR | |
r-release-linux-x86_64 | 0.2.5 | 12.00 | 214.76 | 226.76 | OK | |
r-release-macos-arm64 | 0.2.5 | 101.00 | OK | |||
r-release-macos-x86_64 | 0.2.5 | 150.00 | OK | |||
r-release-windows-x86_64 | 0.2.5 | 15.00 | 198.00 | 213.00 | OK | |
r-oldrel-macos-arm64 | 0.2.5 | 93.00 | OK | |||
r-oldrel-macos-x86_64 | 0.2.5 | 250.00 | OK | |||
r-oldrel-windows-x86_64 | 0.2.5 | 22.00 | 257.00 | 279.00 | OK |
Version: 0.2.5
Check: Rd cross-references
Result: NOTE
Found the following Rd file(s) with Rd \link{} targets missing package
anchors:
sw_sweep.Rd: tk_make_future_timeseries
tidiers_bats.Rd: bats, tbats
tidiers_ets.Rd: ets
tidiers_nnetar.Rd: nnetar
Please provide package anchors for all Rd \link{} targets not in the
package itself and the base packages.
Flavors: r-devel-linux-x86_64-debian-clang, r-devel-linux-x86_64-debian-gcc, r-devel-windows-x86_64
Version: 0.2.5
Check: dependencies in R code
Result: NOTE
Namespaces in Imports field not imported from:
‘lubridate’ ‘tidyquant’ ‘tidyr’ ‘tidyverse’
All declared Imports should be used.
Flavors: r-devel-linux-x86_64-fedora-clang, r-devel-linux-x86_64-fedora-gcc
Version: 0.2.5
Check: re-building of vignette outputs
Result: ERROR
Error(s) in re-building vignettes:
...
--- re-building ‘SW00_Introduction_to_sweep.Rmd’ using rmarkdown
Quitting from lines 66-74 [unnamed-chunk-4] (SW00_Introduction_to_sweep.Rmd)
Error: processing vignette 'SW00_Introduction_to_sweep.Rmd' failed with diagnostics:
`data` must be a <data.frame>, or an object coercible by `fortify()`, or
a valid <data.frame>-like object coercible by `as.data.frame()`.
Caused by error in `.prevalidate_data_frame_like_object()`:
! `dim(data)` must return an <integer> of length 2.
--- failed re-building ‘SW00_Introduction_to_sweep.Rmd’
--- re-building ‘SW01_Forecasting_Time_Series_Groups.Rmd’ using rmarkdown
** Processing: /home/hornik/tmp/R.check/r-patched-gcc/Work/PKGS/sweep.Rcheck/vign_test/sweep/vignettes/SW01_Forecasting_Time_Series_Groups_files/figure-html/unnamed-chunk-5-1.png
1600x900 pixels, 3x8 bits/pixel, RGB
Input IDAT size = 58101 bytes
Input file size = 58263 bytes
Trying:
zc = 9 zm = 8 zs = 0 f = 0 IDAT size = 51170
zc = 9 zm = 8 zs = 1 f = 0
zc = 1 zm = 8 zs = 2 f = 0
zc = 9 zm = 8 zs = 3 f = 0
zc = 9 zm = 8 zs = 0 f = 5
zc = 9 zm = 8 zs = 1 f = 5
zc = 1 zm = 8 zs = 2 f = 5
zc = 9 zm = 8 zs = 3 f = 5
Selecting parameters:
zc = 9 zm = 8 zs = 0 f = 0 IDAT size = 51170
Output IDAT size = 51170 bytes (6931 bytes decrease)
Output file size = 51248 bytes (7015 bytes = 12.04% decrease)
** Processing: /home/hornik/tmp/R.check/r-patched-gcc/Work/PKGS/sweep.Rcheck/vign_test/sweep/vignettes/SW01_Forecasting_Time_Series_Groups_files/figure-html/unnamed-chunk-13-1.png
1600x900 pixels, 3x8 bits/pixel, RGB
Input IDAT size = 271738 bytes
Input file size = 272212 bytes
Trying:
zc = 9 zm = 8 zs = 0 f = 0 IDAT size = 227922
zc = 9 zm = 8 zs = 1 f = 0
zc = 1 zm = 8 zs = 2 f = 0
zc = 9 zm = 8 zs = 3 f = 0
zc = 9 zm = 8 zs = 0 f = 5
zc = 9 zm = 8 zs = 1 f = 5
zc = 1 zm = 8 zs = 2 f = 5
zc = 9 zm = 8 zs = 3 f = 5
Selecting parameters:
zc = 9 zm = 8 zs = 0 f = 0 IDAT size = 227922
Output IDAT size = 227922 bytes (43816 bytes decrease)
Output file size = 228000 bytes (44212 bytes = 16.24% decrease)
** Processing: /home/hornik/tmp/R.check/r-patched-gcc/Work/PKGS/sweep.Rcheck/vign_test/sweep/vignettes/SW01_Forecasting_Time_Series_Groups_files/figure-html/unnamed-chunk-17-1.png
1600x1400 pixels, 3x8 bits/pixel, RGB
Input IDAT size = 262303 bytes
Input file size = 262765 bytes
Trying:
zc = 9 zm = 8 zs = 0 f = 0 IDAT size = 233931
zc = 9 zm = 8 zs = 1 f = 0
zc = 1 zm = 8 zs = 2 f = 0
zc = 9 zm = 8 zs = 3 f = 0
zc = 9 zm = 8 zs = 0 f = 5
zc = 9 zm = 8 zs = 1 f = 5
zc = 1 zm = 8 zs = 2 f = 5
zc = 9 zm = 8 zs = 3 f = 5
Selecting parameters:
zc = 9 zm = 8 zs = 0 f = 0 IDAT size = 233931
Output IDAT size = 233931 bytes (28372 bytes decrease)
Output file size = 234009 bytes (28756 bytes = 10.94% decrease)
--- finished re-building ‘SW01_Forecasting_Time_Series_Groups.Rmd’
--- re-building ‘SW02_Forecasting_Multiple_Models.Rmd’ using rmarkdown
Quitting from lines 63-64 (SW02_Forecasting_Multiple_Models.Rmd)
Error: processing vignette 'SW02_Forecasting_Multiple_Models.Rmd' failed with diagnostics:
$ operator is invalid for atomic vectors
--- failed re-building ‘SW02_Forecasting_Multiple_Models.Rmd’
SUMMARY: processing the following files failed:
‘SW00_Introduction_to_sweep.Rmd’
‘SW02_Forecasting_Multiple_Models.Rmd’
Error: Vignette re-building failed.
Execution halted
Flavor: r-patched-linux-x86_64