Last updated on 2024-07-17 20:57:13 CEST.
Flavor | Version | Tinstall | Tcheck | Ttotal | Status | Flags |
---|---|---|---|---|---|---|
r-devel-linux-x86_64-debian-clang | 0.8.1 | 6.72 | 57.11 | 63.83 | NOTE | |
r-devel-linux-x86_64-debian-gcc | 0.8.1 | 4.18 | 41.96 | 46.14 | NOTE | |
r-devel-linux-x86_64-fedora-clang | 0.8.1 | 80.33 | NOTE | |||
r-devel-linux-x86_64-fedora-gcc | 0.8.1 | 74.95 | NOTE | |||
r-devel-windows-x86_64 | 0.8.1 | 6.00 | 66.00 | 72.00 | NOTE | |
r-patched-linux-x86_64 | 0.8.1 | 3.78 | 53.34 | 57.12 | NOTE | |
r-release-linux-x86_64 | 0.8.1 | 4.60 | 54.47 | 59.07 | NOTE | |
r-release-macos-arm64 | 0.8.1 | 26.00 | NOTE | |||
r-release-macos-x86_64 | 0.8.1 | 39.00 | NOTE | |||
r-release-windows-x86_64 | 0.8.1 | 6.00 | 74.00 | 80.00 | NOTE | |
r-oldrel-macos-arm64 | 0.8.1 | 29.00 | NOTE | |||
r-oldrel-macos-x86_64 | 0.8.1 | 43.00 | NOTE | |||
r-oldrel-windows-x86_64 | 0.8.1 | 7.00 | 73.00 | 80.00 | NOTE |
Version: 0.8.1
Check: LazyData
Result: NOTE
'LazyData' is specified without a 'data' directory
Flavors: r-devel-linux-x86_64-debian-clang, r-devel-linux-x86_64-debian-gcc, r-devel-linux-x86_64-fedora-clang, r-devel-linux-x86_64-fedora-gcc, r-devel-windows-x86_64, r-patched-linux-x86_64, r-release-linux-x86_64, r-release-macos-arm64, r-release-macos-x86_64, r-release-windows-x86_64, r-oldrel-macos-arm64, r-oldrel-macos-x86_64, r-oldrel-windows-x86_64