Last updated on 2023-01-30 20:56:00 CET.
Flavor | Version | Tinstall | Tcheck | Ttotal | Status | Flags |
---|---|---|---|---|---|---|
r-devel-linux-x86_64-debian-clang | 0.4.1 | 5.32 | 219.61 | 224.93 | OK | |
r-devel-linux-x86_64-debian-gcc | 0.4.1 | 4.21 | 141.63 | 145.84 | OK | |
r-devel-linux-x86_64-fedora-clang | 0.4.1 | 239.72 | NOTE | |||
r-devel-linux-x86_64-fedora-gcc | 0.4.1 | 273.88 | NOTE | |||
r-devel-windows-x86_64 | 0.4.1 | 33.00 | 244.00 | 277.00 | OK | |
r-patched-linux-x86_64 | 0.4.1 | 4.53 | 222.72 | 227.25 | OK | |
r-release-linux-x86_64 | 0.4.1 | 4.27 | 213.55 | 217.82 | OK | |
r-release-macos-arm64 | 0.4.1 | 67.00 | OK | |||
r-release-macos-x86_64 | 0.4.1 | 108.00 | NOTE | |||
r-release-windows-x86_64 | 0.4.1 | 25.00 | 242.00 | 267.00 | OK | |
r-oldrel-macos-arm64 | 0.4.1 | 69.00 | OK | |||
r-oldrel-macos-x86_64 | 0.4.1 | 115.00 | NOTE | |||
r-oldrel-windows-ix86+x86_64 | 0.4.1 | 10.00 | 275.00 | 285.00 | OK |
Version: 0.4.1
Check: data for non-ASCII characters
Result: NOTE
Note: found 12 marked UTF-8 strings
Flavors: r-devel-linux-x86_64-fedora-clang, r-devel-linux-x86_64-fedora-gcc, r-release-macos-x86_64, r-oldrel-macos-x86_64