Last updated on 2024-04-25 20:48:40 CEST.
Flavor | Version | Tinstall | Tcheck | Ttotal | Status | Flags |
---|---|---|---|---|---|---|
r-devel-linux-x86_64-debian-clang | 0.2.3 | 144.19 | 71.44 | 215.63 | WARN | |
r-devel-linux-x86_64-debian-gcc | 0.2.3 | 132.18 | 56.16 | 188.34 | OK | |
r-devel-linux-x86_64-fedora-clang | 0.2.3 | 282.55 | NOTE | |||
r-devel-linux-x86_64-fedora-gcc | 0.2.3 | 340.34 | OK | |||
r-devel-windows-x86_64 | 0.2.3 | 111.00 | 119.00 | 230.00 | WARN | |
r-patched-linux-x86_64 | 0.2.3 | 158.57 | 73.48 | 232.05 | OK | |
r-release-linux-x86_64 | 0.2.3 | 158.38 | 75.38 | 233.76 | OK | |
r-release-macos-arm64 | 0.2.3 | 74.00 | NOTE | |||
r-release-windows-x86_64 | 0.2.3 | 110.00 | 116.00 | 226.00 | WARN | |
r-oldrel-macos-arm64 | 0.2.3 | 83.00 | NOTE | |||
r-oldrel-macos-x86_64 | 0.2.3 | 163.00 | NOTE | |||
r-oldrel-windows-x86_64 | 0.2.3 | 143.00 | 137.00 | 280.00 | NOTE |
Version: 0.2.3
Check: whether package can be installed
Result: WARN
Found the following significant warnings:
/usr/bin/../lib/gcc/x86_64-linux-gnu/14/../../../../include/c++/14/functional:558:2: warning: 'result_of<std::_Bind<(lambda at /home/hornik/tmp/R.check/r-devel-clang/Work/build/Packages/rvinecopulib/include/vinecopulib/bicop/implementation/class.ipp:822:28) (vinecopulib::Bicop)> &()>' is deprecated: use 'std::invoke_result' instead [-Wdeprecated-declarations]
/usr/bin/../lib/gcc/x86_64-linux-gnu/14/../../../../include/c++/14/functional:558:2: warning: 'result_of<std::_Bind<(lambda at /home/hornik/tmp/R.check/r-devel-clang/Work/build/Packages/rvinecopulib/include/vinecopulib/vinecop/implementation/tools_select.ipp:367:21) (unsigned long)> &()>' is deprecated: use 'std::invoke_result' instead [-Wdeprecated-declarations]
/usr/bin/../lib/gcc/x86_64-linux-gnu/14/../../../../include/c++/14/functional:558:2: warning: 'result_of<std::_Bind<(lambda at /home/hornik/tmp/R.check/r-devel-clang/Work/build/Packages/rvinecopulib/include/vinecopulib/vinecop/implementation/tools_select.ipp:954:20) (boost::detail::edge_desc_impl<boost::undirected_tag, unsigned long>)> &()>' is deprecated: use 'std::invoke_result' instead [-Wdeprecated-declarations]
/usr/bin/../lib/gcc/x86_64-linux-gnu/14/../../../../include/c++/14/functional:558:2: warning: 'result_of<std::_Bind<(lambda at /home/hornik/tmp/R.check/r-devel-clang/Work/build/Packages/rvinecopulib/include/vinecopulib/vinecop/implementation/class.ipp:770:19) (vinecopulib::tools_batch::Batch)> &()>' is deprecated: use 'std::invoke_result' instead [-Wdeprecated-declarations]
/usr/bin/../lib/gcc/x86_64-linux-gnu/14/../../../../include/c++/14/functional:558:2: warning: 'result_of<std::_Bind<(lambda at /home/hornik/tmp/R.check/r-devel-clang/Work/build/Packages/rvinecopulib/include/vinecopulib/vinecop/implementation/class.ipp:1090:19) (vinecopulib::tools_batch::Batch)> &()>' is deprecated: use 'std::invoke_result' instead [-Wdeprecated-declarations]
/usr/bin/../lib/gcc/x86_64-linux-gnu/14/../../../../include/c++/14/functional:558:2: warning: 'result_of<std::_Bind<(lambda at /home/hornik/tmp/R.check/r-devel-clang/Work/build/Packages/rvinecopulib/include/vinecopulib/vinecop/implementation/class.ipp:1206:19) (vinecopulib::tools_batch::Batch)> &()>' is deprecated: use 'std::invoke_result' instead [-Wdeprecated-declarations]
/usr/bin/../lib/gcc/x86_64-linux-gnu/14/../../../../include/c++/14/functional:558:2: warning: 'result_of<std::_Bind<(lambda at ../inst/include/svines/implementation/svinecop.ipp:301:19) (vinecopulib::tools_batch::Batch)> &()>' is deprecated: use 'std::invoke_result' instead [-Wdeprecated-declarations]
/usr/bin/../lib/gcc/x86_64-linux-gnu/14/../../../../include/c++/14/functional:558:2: warning: 'result_of<(lambda at /home/hornik/tmp/R.check/r-devel-clang/Work/build/Packages/RcppThread/include/RcppThread/ThreadPool.hpp:187:24) &()>' is deprecated: use 'std::invoke_result' instead [-Wdeprecated-declarations]
/usr/bin/../lib/gcc/x86_64-linux-gnu/14/../../../../include/c++/14/functional:558:2: warning: 'result_of<std::_Bind<(lambda at /home/hornik/tmp/R.check/r-devel-clang/Work/build/Packages/RcppThread/include/RcppThread/ThreadPool.hpp:187:24) ()> &()>' is deprecated: use 'std::invoke_result' instead [-Wdeprecated-declarations]
/usr/bin/../lib/gcc/x86_64-linux-gnu/14/../../../../include/c++/14/functional:558:2: warning: 'result_of<(lambda at /home/hornik/tmp/R.check/r-devel-clang/Work/build/Packages/RcppThread/include/RcppThread/ThreadPool.hpp:200:24) &()>' is deprecated: use 'std::invoke_result' instead [-Wdeprecated-declarations]
/usr/bin/../lib/gcc/x86_64-linux-gnu/14/../../../../include/c++/14/functional:558:2: warning: 'result_of<std::_Bind<(lambda at /home/hornik/tmp/R.check/r-devel-clang/Work/build/Packages/RcppThread/include/RcppThread/ThreadPool.hpp:200:24) ()> &()>' is deprecated: use 'std::invoke_result' instead [-Wdeprecated-declarations]
See ‘/home/hornik/tmp/R.check/r-devel-clang/Work/PKGS/svines.Rcheck/00install.out’ for details.
* used C++ compiler: ‘Debian clang version 18.1.0 (rc4-1)’
Flavor: r-devel-linux-x86_64-debian-clang
Version: 0.2.3
Check: installed package size
Result: NOTE
installed size is 5.5Mb
sub-directories of 1Mb or more:
libs 5.0Mb
Flavors: r-devel-linux-x86_64-fedora-clang, r-devel-windows-x86_64, r-release-macos-arm64, r-release-windows-x86_64, r-oldrel-macos-arm64, r-oldrel-macos-x86_64, r-oldrel-windows-x86_64
Version: 0.2.3
Check: whether package can be installed
Result: WARN
Found the following significant warnings:
D:/rtools44/x86_64-w64-mingw32.static.posix/lib/gcc/x86_64-w64-mingw32.static.posix/13.2.0/include/emmintrin.h:169:19: warning: 'void* __builtin_memcpy(void*, const void*, long long unsigned int)' reading 16 or more bytes from a region of size 8 [-Wstringop-overread]
See 'd:/Rcompile/CRANpkg/local/4.4/svines.Rcheck/00install.out' for details.
* used C++ compiler: 'g++.exe (GCC) 13.2.0'
Flavors: r-devel-windows-x86_64, r-release-windows-x86_64