Last updated on 2023-03-21 19:57:26 CET.
Flavor | Version | Tinstall | Tcheck | Ttotal | Status | Flags |
---|---|---|---|---|---|---|
r-devel-linux-x86_64-debian-clang | 4.0 | 4.12 | 37.87 | 41.99 | NOTE | |
r-devel-linux-x86_64-debian-gcc | 4.0 | 2.92 | 27.97 | 30.89 | NOTE | |
r-devel-linux-x86_64-fedora-clang | 4.0 | 54.06 | NOTE | |||
r-devel-linux-x86_64-fedora-gcc | 4.0 | 48.69 | NOTE | |||
r-patched-linux-x86_64 | 4.0 | 4.18 | 35.65 | 39.83 | NOTE | |
r-release-linux-x86_64 | 4.0 | 4.18 | 35.54 | 39.72 | NOTE | |
r-release-macos-arm64 | 4.0 | 18.00 | NOTE | |||
r-release-macos-x86_64 | 4.0 | 25.00 | NOTE | |||
r-release-windows-x86_64 | 4.0 | 28.00 | 63.00 | 91.00 | NOTE | |
r-oldrel-macos-arm64 | 4.0 | 22.00 | NOTE | |||
r-oldrel-macos-x86_64 | 4.0 | 30.00 | NOTE | |||
r-oldrel-windows-ix86+x86_64 | 4.0 | 9.00 | 62.00 | 71.00 | NOTE |
Version: 4.0
Check: LazyData
Result: NOTE
'LazyData' is specified without a 'data' directory
Flavors: r-devel-linux-x86_64-debian-clang, r-devel-linux-x86_64-debian-gcc, r-devel-linux-x86_64-fedora-clang, r-devel-linux-x86_64-fedora-gcc, r-patched-linux-x86_64, r-release-linux-x86_64, r-release-macos-arm64, r-release-macos-x86_64, r-release-windows-x86_64, r-oldrel-macos-arm64, r-oldrel-macos-x86_64, r-oldrel-windows-ix86+x86_64