Last updated on 2024-04-22 20:53:52 CEST.
Flavor | Version | Tinstall | Tcheck | Ttotal | Status | Flags |
---|---|---|---|---|---|---|
r-devel-linux-x86_64-debian-clang | 1.22.1 | 73.22 | 570.68 | 643.90 | NOTE | |
r-devel-linux-x86_64-debian-gcc | 1.22.1 | 60.59 | 411.55 | 472.14 | NOTE | |
r-devel-linux-x86_64-fedora-clang | 1.22.1 | 800.26 | NOTE | |||
r-devel-linux-x86_64-fedora-gcc | 1.22.1 | 798.30 | OK | |||
r-prerel-macos-arm64 | 1.22.1 | 209.00 | NOTE | |||
r-prerel-windows-x86_64 | 1.22.1 | 66.00 | 348.00 | 414.00 | NOTE | --no-vignettes |
r-patched-linux-x86_64 | 1.22.1 | 84.04 | 553.13 | 637.17 | NOTE | |
r-release-linux-x86_64 | 1.22.1 | 73.54 | 549.51 | 623.05 | NOTE | |
r-release-macos-arm64 | 1.22.1 | 233.00 | NOTE | |||
r-release-macos-x86_64 | 1.22.1 | 548.00 | NOTE | |||
r-release-windows-x86_64 | 1.22.1 | 82.00 | 340.00 | 422.00 | NOTE | --no-vignettes |
r-oldrel-macos-arm64 | 1.22.1 | 218.00 | NOTE | |||
r-oldrel-windows-x86_64 | 1.22.1 | 81.00 | 319.00 | 400.00 | NOTE | --no-vignettes |
Version: 1.22.1
Check: package dependencies
Result: NOTE
Package suggested but not available for checking: ‘INLA’
Flavors: r-devel-linux-x86_64-debian-clang, r-devel-linux-x86_64-debian-gcc, r-prerel-macos-arm64, r-patched-linux-x86_64, r-release-linux-x86_64, r-release-macos-arm64, r-release-macos-x86_64, r-oldrel-macos-arm64
Version: 1.22.1
Check: installed package size
Result: NOTE
installed size is 6.7Mb
sub-directories of 1Mb or more:
R 1.7Mb
doc 2.2Mb
help 1.0Mb
Flavors: r-devel-linux-x86_64-fedora-clang, r-prerel-macos-arm64, r-release-macos-arm64, r-release-macos-x86_64, r-oldrel-macos-arm64
Version: 1.22.1
Flags: --no-vignettes
Check: installed package size
Result: NOTE
installed size is 7.5Mb
sub-directories of 1Mb or more:
R 1.7Mb
doc 2.2Mb
libs 1.1Mb
Flavors: r-prerel-windows-x86_64, r-release-windows-x86_64, r-oldrel-windows-x86_64
Version: 1.22.1
Flags: --no-vignettes
Check: package dependencies
Result: NOTE
Package suggested but not available for checking: 'INLA'
Flavors: r-release-windows-x86_64, r-oldrel-windows-x86_64