Last updated on 2024-07-17 20:57:13 CEST.
Flavor | Version | Tinstall | Tcheck | Ttotal | Status | Flags |
---|---|---|---|---|---|---|
r-devel-linux-x86_64-debian-clang | 0.1.0 | 7.23 | 72.00 | 79.23 | NOTE | |
r-devel-linux-x86_64-debian-gcc | 0.1.0 | 6.63 | 52.95 | 59.58 | NOTE | |
r-devel-linux-x86_64-fedora-clang | 0.1.0 | 96.86 | NOTE | |||
r-devel-linux-x86_64-fedora-gcc | 0.1.0 | 89.11 | NOTE | |||
r-devel-windows-x86_64 | 0.1.0 | 8.00 | 65.00 | 73.00 | NOTE | |
r-patched-linux-x86_64 | 0.1.0 | 7.10 | 65.27 | 72.37 | NOTE | |
r-release-linux-x86_64 | 0.1.0 | 6.30 | 67.84 | 74.14 | NOTE | |
r-release-macos-arm64 | 0.1.0 | 31.00 | NOTE | |||
r-release-macos-x86_64 | 0.1.0 | 44.00 | NOTE | |||
r-release-windows-x86_64 | 0.1.0 | 8.00 | 67.00 | 75.00 | NOTE | |
r-oldrel-macos-arm64 | 0.1.0 | 33.00 | NOTE | |||
r-oldrel-macos-x86_64 | 0.1.0 | 50.00 | NOTE | |||
r-oldrel-windows-x86_64 | 0.1.0 | 9.00 | 76.00 | 85.00 | NOTE |
Version: 0.1.0
Check: LazyData
Result: NOTE
'LazyData' is specified without a 'data' directory
Flavors: r-devel-linux-x86_64-debian-clang, r-devel-linux-x86_64-debian-gcc, r-devel-linux-x86_64-fedora-clang, r-devel-linux-x86_64-fedora-gcc, r-devel-windows-x86_64, r-patched-linux-x86_64, r-release-linux-x86_64, r-release-macos-arm64, r-release-macos-x86_64, r-release-windows-x86_64, r-oldrel-macos-arm64, r-oldrel-macos-x86_64, r-oldrel-windows-x86_64