Last updated on 2024-04-23 20:52:21 CEST.
Flavor | Version | Tinstall | Tcheck | Ttotal | Status | Flags |
---|---|---|---|---|---|---|
r-devel-linux-x86_64-debian-clang | 1.6.0 | 59.49 | 139.70 | 199.19 | OK | --no-vignettes |
r-devel-linux-x86_64-debian-gcc | 1.6.0 | 47.46 | 109.88 | 157.34 | OK | --no-vignettes |
r-devel-linux-x86_64-fedora-clang | 1.6.0 | 559.30 | OK | |||
r-devel-linux-x86_64-fedora-gcc | 1.6.0 | 592.92 | OK | |||
r-prerel-macos-arm64 | 1.6.0 | 157.00 | NOTE | |||
r-prerel-windows-x86_64 | 1.6.0 | 40.00 | 383.00 | 423.00 | OK | |
r-patched-linux-x86_64 | 1.6.0 | 63.30 | 137.15 | 200.45 | OK | --no-vignettes |
r-release-linux-x86_64 | 1.6.0 | 52.96 | 135.74 | 188.70 | OK | --no-vignettes |
r-release-macos-arm64 | 1.6.0 | 212.00 | NOTE | |||
r-release-macos-x86_64 | 1.6.0 | 438.00 | NOTE | |||
r-release-windows-x86_64 | 1.6.0 | 48.00 | 484.00 | 532.00 | OK | |
r-oldrel-macos-arm64 | 1.6.0 | 194.00 | NOTE | |||
r-oldrel-windows-x86_64 | 1.6.0 | 46.00 | 460.00 | 506.00 | OK |
Version: 1.6.0
Check: installed package size
Result: NOTE
installed size is 23.3Mb
sub-directories of 1Mb or more:
doc 1.5Mb
libs 21.4Mb
Flavors: r-prerel-macos-arm64, r-release-macos-arm64, r-release-macos-x86_64, r-oldrel-macos-arm64