Last updated on 2024-04-18 21:57:07 CEST.
Flavor | Version | Tinstall | Tcheck | Ttotal | Status | Flags |
---|---|---|---|---|---|---|
r-devel-linux-x86_64-debian-clang | 0.5.6 | 14.06 | 137.03 | 151.09 | NOTE | |
r-devel-linux-x86_64-debian-gcc | 0.5.6 | 9.86 | 100.61 | 110.47 | NOTE | |
r-devel-linux-x86_64-fedora-clang | 0.5.6 | 190.28 | NOTE | |||
r-devel-linux-x86_64-fedora-gcc | 0.5.6 | 187.56 | NOTE | |||
r-prerel-macos-arm64 | 0.5.6 | 57.00 | NOTE | |||
r-prerel-windows-x86_64 | 0.5.6 | 12.00 | 126.00 | 138.00 | NOTE | |
r-patched-linux-x86_64 | 0.5.6 | 11.49 | 131.51 | 143.00 | NOTE | |
r-release-linux-x86_64 | 0.5.6 | 11.28 | 129.68 | 140.96 | OK | |
r-release-macos-arm64 | 0.5.6 | 58.00 | OK | |||
r-release-macos-x86_64 | 0.5.6 | 96.00 | OK | |||
r-release-windows-x86_64 | 0.5.6 | 17.00 | 148.00 | 165.00 | OK | |
r-oldrel-macos-arm64 | 0.5.6 | 47.00 | OK | |||
r-oldrel-windows-x86_64 | 0.5.6 | 17.00 | 146.00 | 163.00 | OK |
Version: 0.5.6
Check: Rd files
Result: NOTE
checkRd: (-1) sf.Rd:66: Lost braces; missing escapes or markup?
66 | A {data.table} which is stored as an attribute of
| ^
Flavors: r-devel-linux-x86_64-debian-clang, r-devel-linux-x86_64-debian-gcc, r-devel-linux-x86_64-fedora-clang, r-devel-linux-x86_64-fedora-gcc, r-prerel-macos-arm64, r-prerel-windows-x86_64, r-patched-linux-x86_64