CRAN Package Check Results for Package survIDINRI

Last updated on 2023-10-04 20:42:42 CEST.

Flavor Version Tinstall Tcheck Ttotal Status Flags
r-devel-linux-x86_64-debian-clang 1.1-2 9.79 74.12 83.91 OK
r-devel-linux-x86_64-debian-gcc 1.1-2 7.86 57.55 65.41 OK
r-devel-linux-x86_64-fedora-clang 1.1-2 102.91 OK
r-devel-linux-x86_64-fedora-gcc 1.1-2 100.61 OK
r-devel-windows-x86_64 1.1-2 10.00 0.00 10.00 FAIL
r-patched-linux-x86_64 1.1-2 8.74 72.54 81.28 OK
r-release-linux-x86_64 1.1-2 9.05 72.73 81.78 OK
r-release-macos-arm64 1.1-2 35.00 OK
r-release-macos-x86_64 1.1-2 55.00 OK
r-release-windows-x86_64 1.1-2 13.00 87.00 100.00 OK
r-oldrel-macos-arm64 1.1-2 32.00 OK
r-oldrel-macos-x86_64 1.1-2 47.00 OK
r-oldrel-windows-x86_64 1.1-2 12.00 85.00 97.00 OK

Check Details

Version: 1.1-2
Check: PDF version of manual
Result: FAIL
    Check process probably crashed or hung up for 20 minutes ... killed
    Most likely this happened in the example checks (?),
    if not, ignore the following last lines of example output:
    > x<-IDI.INF(mydata[,1:2], covs0, covs1, t0, npert=200) ;
    >
    > #--- results ---
    > IDI.INF.OUT(x) ;
     Est. Lower Upper p-value
    M1 0.073 0.012 0.136 0.03
    M2 0.444 0.202 0.671 0.00
    M3 0.042 0.000 0.103 0.05
    >
    > #--- Graphical presentaion of the estimates ---
    > # IDI.INF.GRAPH(x) ;
    >
    >
    >
    >
    > ### * <FOOTER>
    > ###
    > cleanEx()
    > options(digits = 7L)
    > base::cat("Time elapsed: ", proc.time() - base::get("ptime", pos = 'CheckExEnv'),"\n")
    Time elapsed: 4.36 0.81 5.17 NA NA
    > grDevices::dev.off()
    null device
     1
    > ###
    > ### Local variables: ***
    > ### mode: outline-minor ***
    > ### outline-regexp: "\\(> \\)?### [*]+" ***
    > ### End: ***
    > quit('no')
    ======== End of example output (where/before crash/hang up occured ?) ========
Flavor: r-devel-windows-x86_64