Last updated on 2025-05-03 21:51:34 CEST.
Flavor | Version | Tinstall | Tcheck | Ttotal | Status | Flags |
---|---|---|---|---|---|---|
r-devel-linux-x86_64-debian-clang | 2.0.1 | 8.12 | 78.16 | 86.28 | NOTE | |
r-devel-linux-x86_64-debian-gcc | 2.0.1 | 5.34 | 58.26 | 63.60 | NOTE | |
r-devel-linux-x86_64-fedora-clang | 2.0.1 | 139.86 | OK | |||
r-devel-linux-x86_64-fedora-gcc | 2.0.1 | 134.74 | OK | |||
r-devel-windows-x86_64 | 2.0.1 | 9.00 | 109.00 | 118.00 | OK | |
r-patched-linux-x86_64 | 2.0.1 | 7.31 | 76.32 | 83.63 | OK | |
r-release-linux-x86_64 | OK | |||||
r-release-macos-arm64 | 2.0.1 | 41.00 | OK | |||
r-release-macos-x86_64 | 2.0.1 | 73.00 | OK | |||
r-release-windows-x86_64 | 2.0.1 | 9.00 | 97.00 | 106.00 | OK | |
r-oldrel-macos-arm64 | 2.0.1 | 42.00 | OK | |||
r-oldrel-macos-x86_64 | 2.0.1 | 68.00 | OK | |||
r-oldrel-windows-x86_64 | 2.0.1 | 12.00 | 116.00 | 128.00 | OK |
Version: 2.0.1
Check: CRAN incoming feasibility
Result: NOTE
Maintainer: ‘Guo-You Lan <jj6020770416jj@gmail.com>’
No Authors@R field in DESCRIPTION.
Please add one, modifying
Authors@R: person(given = "Hsin-wen",
family = "Chang",
role = c("aut", "cre"),
email = "hwchang@stat.sinica.edu.tw")
as necessary.
Flavors: r-devel-linux-x86_64-debian-clang, r-devel-linux-x86_64-debian-gcc