Last updated on 2023-02-03 20:51:39 CET.
Flavor | Version | Tinstall | Tcheck | Ttotal | Status | Flags |
---|---|---|---|---|---|---|
r-devel-linux-x86_64-debian-clang | 1.0-5 | 13.49 | 116.08 | 129.57 | NOTE | |
r-devel-linux-x86_64-debian-gcc | 1.0-5 | 11.84 | 83.73 | 95.57 | NOTE | |
r-devel-linux-x86_64-fedora-clang | 1.0-5 | 161.96 | NOTE | |||
r-devel-linux-x86_64-fedora-gcc | 1.0-5 | 159.98 | NOTE | |||
r-patched-linux-x86_64 | 1.0-5 | 13.23 | 107.52 | 120.75 | NOTE | |
r-release-linux-x86_64 | 1.0-5 | 9.95 | 109.43 | 119.38 | NOTE | |
r-release-macos-arm64 | 1.0-5 | 41.00 | NOTE | |||
r-release-macos-x86_64 | 1.0-5 | 71.00 | NOTE | |||
r-release-windows-x86_64 | 1.0-5 | 32.00 | 146.00 | 178.00 | NOTE | |
r-oldrel-macos-arm64 | 1.0-5 | 46.00 | NOTE | |||
r-oldrel-macos-x86_64 | 1.0-5 | 69.00 | NOTE | |||
r-oldrel-windows-ix86+x86_64 | 1.0-5 | 29.00 | 136.00 | 165.00 | NOTE |
Version: 1.0-5
Check: LazyData
Result: NOTE
'LazyData' is specified without a 'data' directory
Flavors: r-devel-linux-x86_64-debian-clang, r-devel-linux-x86_64-debian-gcc, r-devel-linux-x86_64-fedora-clang, r-devel-linux-x86_64-fedora-gcc, r-patched-linux-x86_64, r-release-linux-x86_64, r-release-macos-arm64, r-release-macos-x86_64, r-release-windows-x86_64, r-oldrel-macos-arm64, r-oldrel-macos-x86_64, r-oldrel-windows-ix86+x86_64