Last updated on 2025-07-02 21:54:09 CEST.
Flavor | Version | Tinstall | Tcheck | Ttotal | Status | Flags |
---|---|---|---|---|---|---|
r-devel-linux-x86_64-debian-clang | 1.12 | 8.19 | 64.39 | 72.58 | NOTE | |
r-devel-linux-x86_64-debian-gcc | 1.12 | 5.68 | 46.78 | 52.46 | NOTE | |
r-devel-linux-x86_64-fedora-clang | 1.12 | 109.31 | OK | |||
r-devel-linux-x86_64-fedora-gcc | 1.12 | 99.96 | OK | |||
r-devel-windows-x86_64 | 1.12 | 8.00 | 78.00 | 86.00 | OK | |
r-patched-linux-x86_64 | 1.12 | 8.53 | 60.80 | 69.33 | OK | |
r-release-linux-x86_64 | 1.12 | 8.12 | 60.10 | 68.22 | OK | |
r-release-macos-arm64 | 1.12 | 35.00 | OK | |||
r-release-macos-x86_64 | 1.12 | 58.00 | OK | |||
r-release-windows-x86_64 | 1.12 | 8.00 | 78.00 | 86.00 | OK | |
r-oldrel-macos-arm64 | 1.12 | 33.00 | OK | |||
r-oldrel-macos-x86_64 | 1.12 | 48.00 | OK | |||
r-oldrel-windows-x86_64 | 1.12 | 12.00 | 87.00 | 99.00 | OK |
Version: 1.12
Check: CRAN incoming feasibility
Result: NOTE
Maintainer: ‘Jean-Eudes Dazard <jean-eudes.dazard@case.edu>’
Package CITATION file contains call(s) to old-style personList() or
as.personList(). Please use c() on person objects instead.
Package CITATION file contains call(s) to old-style citEntry(). Please
use bibentry() instead.
Flavors: r-devel-linux-x86_64-debian-clang, r-devel-linux-x86_64-debian-gcc