Last updated on 2024-04-19 20:56:53 CEST.
Flavor | Version | Tinstall | Tcheck | Ttotal | Status | Flags |
---|---|---|---|---|---|---|
r-devel-linux-x86_64-debian-clang | 3.0.0 | 5.13 | 104.35 | 109.48 | OK | |
r-devel-linux-x86_64-debian-gcc | 3.0.0 | OK | ||||
r-devel-linux-x86_64-fedora-clang | 3.0.0 | 146.92 | OK | |||
r-devel-linux-x86_64-fedora-gcc | 3.0.0 | 151.94 | NOTE | |||
r-prerel-macos-arm64 | 3.0.0 | 46.00 | OK | |||
r-prerel-macos-x86_64 | 3.0.0 | 125.00 | OK | |||
r-prerel-windows-x86_64 | 3.0.0 | 7.00 | 223.00 | 230.00 | OK | |
r-patched-linux-x86_64 | 3.0.0 | 9.25 | 97.84 | 107.09 | OK | |
r-release-linux-x86_64 | 3.0.0 | 6.06 | 97.22 | 103.28 | OK | |
r-release-macos-arm64 | 3.0.0 | 55.00 | OK | |||
r-release-macos-x86_64 | 3.0.0 | 89.00 | OK | |||
r-release-windows-x86_64 | 3.0.0 | 9.00 | 170.00 | 179.00 | OK | |
r-oldrel-macos-arm64 | 3.0.0 | 60.00 | OK | |||
r-oldrel-windows-x86_64 | 3.0.0 | 10.00 | 177.00 | 187.00 | OK |
Version: 3.0.0
Check: for non-standard things in the check directory
Result: NOTE
Found the following files/directories:
‘JMRData’
Flavor: r-devel-linux-x86_64-fedora-gcc