Last updated on 2025-11-16 01:49:32 CET.
| Flavor | Version | Tinstall | Tcheck | Ttotal | Status | Flags |
|---|---|---|---|---|---|---|
| r-devel-linux-x86_64-debian-clang | 0.5.7 | 43.39 | 68.88 | 112.27 | NOTE | |
| r-devel-linux-x86_64-debian-gcc | 0.5.7 | 28.31 | 53.92 | 82.23 | NOTE | |
| r-devel-linux-x86_64-fedora-clang | 0.5.7 | 190.00 | 12.52 | 202.52 | OK | |
| r-devel-linux-x86_64-fedora-gcc | 0.5.7 | 230.00 | -9.96 | 220.04 | OK | |
| r-devel-windows-x86_64 | 0.5.7 | 55.00 | 109.00 | 164.00 | NOTE | |
| r-patched-linux-x86_64 | 0.5.7 | 44.89 | 64.84 | 109.73 | NOTE | |
| r-release-linux-x86_64 | 0.5.7 | 45.37 | 65.62 | 110.99 | NOTE | |
| r-release-macos-arm64 | 0.5.7 | 17.00 | 46.00 | 63.00 | OK | |
| r-release-macos-x86_64 | 0.5.7 | 34.00 | 78.00 | 112.00 | OK | |
| r-release-windows-x86_64 | 0.5.7 | 48.00 | 103.00 | 151.00 | NOTE | |
| r-oldrel-macos-arm64 | 0.5.7 | 16.00 | 38.00 | 54.00 | OK | |
| r-oldrel-macos-x86_64 | 0.5.7 | 24.00 | 65.00 | 89.00 | OK | |
| r-oldrel-windows-x86_64 | 0.5.7 | 61.00 | 132.00 | 193.00 | OK |
Version: 0.5.7
Check: Rd cross-references
Result: NOTE
Found the following Rd file(s) with Rd \link{} targets missing package
anchors:
KNNTrainer.Rd: R6Class
LabelEncoder.Rd: R6Class
Please provide package anchors for all Rd \link{} targets not in the
package itself and the base packages.
Flavors: r-devel-linux-x86_64-debian-clang, r-devel-linux-x86_64-debian-gcc, r-devel-windows-x86_64, r-patched-linux-x86_64, r-release-linux-x86_64, r-release-windows-x86_64